{"id":94,"date":"2018-12-11T20:09:34","date_gmt":"2018-12-11T19:09:34","guid":{"rendered":"https:\/\/sionneau.com\/boutique\/?post_type=product&#038;p=94"},"modified":"2021-10-08T09:51:38","modified_gmt":"2021-10-08T07:51:38","slug":"pao-zhi-prescrire-les-substances-medicinales-chinoises-preparees","status":"publish","type":"product","link":"https:\/\/sionneau.com\/boutique\/medecine--chinoise\/pao-zhi-prescrire-les-substances-medicinales-chinoises-preparees\/","title":{"rendered":"Pao Zhi &#8211; Prescrire les substances m\u00e9dicinales chinoises pr\u00e9par\u00e9es"},"content":{"rendered":"<p>Cette publication est la premi\u00e8re en langue occidentale \u00e0 traiter de mani\u00e8re exhaustive et pratique les indications th\u00e9rapeutiques des substances m\u00e9dicinales chinoises selon leurs modes de pr\u00e9paration. Il s\u2019agit d\u2019un r\u00e9el progr\u00e8s pour une meilleure compr\u00e9hension et une utilisation traditionnelle de la phytoth\u00e9rapie chinoise.<\/p>\n<p>De nombreux enseignements pour la plupart in\u00e9dits en Occident et de multiples pr\u00e9cisions cliniques font de ce livre un atout pr\u00e9cieux pour les \u00e9tudiants, les enseignants et les passionn\u00e9s de m\u00e9decine chinoise.<\/p>\n<p>Il a \u00e9t\u00e9 aussi \u00e9labor\u00e9 pour les praticiens avec le d\u00e9sir de mettre \u00e0 leur disposition un outil pratique avec une pr\u00e9sentation facilitant l&#8217;acc\u00e8s aux informations. Il est tellement riche, clair et didactique qu&#8217;il sert de point de rep\u00e8re autant aux \u00e9l\u00e8ves qu&#8217;aux professeurs. Depuis pr\u00e8s de 20 ans, cet ouvrage est la r\u00e9f\u00e9rence dans son domaine aux Etats-Unis et dans le monde anglosaxon. Cette version fran\u00e7aise est une r\u00e9\u00e9dition am\u00e9lior\u00e9e du tout premier livre de Philippe intitul\u00e9 &#8220;Utilisation clinique de la pharmacop\u00e9e chinoise&#8221; qui avait \u00e9t\u00e9 mal distribu\u00e9 et qui est pass\u00e9 inaper\u00e7u en France car trop en avance sur son temps \u00e0 l&#8217;\u00e9poque.<\/p>\n<p>Philippe Sionneau, nous propose une synth\u00e8se coh\u00e9rente et pr\u00e9cise bas\u00e9e sur les grands classiques de la litt\u00e9rature m\u00e9dicale chinoise et sur l\u2019enseignement traditionnel qu\u2019il re\u00e7ut \u00e0 l\u2019universit\u00e9 et h\u00f4pital de m\u00e9decine chinoise de Wu Han.<\/p>\n<h4>Plus de d\u00e9tails sur le contenu :<\/h4>\n<p>Comment utiliser ce livre : <a href=\"https:\/\/sionneau.com\/files\/Utilisation du livre Pao Zhi - Philippe Sionneau.pdf\" target=\"_blank\" rel=\"noopener noreferrer\">cliquez ici (fichier pdf : n\u00e9cessite Adobe Reader)<\/a><\/p>\n<p>Lire l&#8217;introduction du livre : <a href=\"https:\/\/sionneau.com\/files\/Introduction - Pao Zhi - Philippe Sionneau.pdf\" target=\"_blank\" rel=\"noopener noreferrer\">cliquez ici (fichier pdf : n\u00e9cessite Adobe Reader)<\/a><\/p>\n<p>Couverture du livre : <a href=\"https:\/\/sionneau.com\/files\/PaoZhi - Philippe Sionneau - Couverture.pdf\" target=\"_blank\" rel=\"noopener noreferrer\">cliquez ici (fichier pdf : n\u00e9cessite Adobe Reader)<\/a><\/p>\n<p>La table des mati\u00e8res : <a href=\"https:\/\/sionneau.com\/files\/Tables des mati\u00e8res - Pao Zhi - Philippe Sionneau.pdf\" target=\"_blank\" rel=\"noopener noreferrer\">cliquez ici (fichier pdf : n\u00e9cessite Adobe Reader)<\/a><\/p>\n<p>Index des maladies et des sympt\u00f4mes : <a href=\"https:\/\/sionneau.com\/files\/Index des maladies - Pao Zhi - Philippe Sionneau.pdf\" target=\"_blank\" rel=\"noopener noreferrer\">cliquez ici (fichier pdf : n\u00e9cessite Adobe Reader)<\/a><\/p>\n<h4 style=\"text-align: center;\"><strong>Le livre de r\u00e9f\u00e9rence dans son domaine en Occident<br \/>\nUne source indispensable pour les praticiens<br \/>\nUne meilleure ma\u00eetrise de la pharmacologie chinoise<\/strong><\/h4>\n<p style=\"text-align: center;\"><strong>364 pages<br \/>\nGrand format (215&#215;275)<br \/>\nPr\u00e9sentation tr\u00e8s pratique<br \/>\nPrix public: 54 Euro<br \/>\nISBN: 84-615-8894-0<\/strong><\/p>\n<h3 style=\"text-align: center;\"><strong>COMMENT COMMANDER CE LIVRE ?<\/strong><\/h3>\n<p><strong>Vous pouvez commander ce livre de trois mani\u00e8res :<\/strong><\/p>\n<ul>\n<li>soit par carte bancaire<\/li>\n<li>soit par virement bancaire<\/li>\n<li>soit par ch\u00e8que bancaire<\/li>\n<\/ul>\n<p>Veuillez suivre les indications pour chaque type de paiement.<\/p>\n<h3>Paiement par carte bancaire :<\/h3>\n<p>1- Ajouter ce livre \u00e0 votre panier (Bouton &#8220;Ajouter au Panier&#8221;).<br \/>\n2- Rendez vous sur la page de validation de commande (Bouton &#8220;Voir le panier&#8221; ou &#8220;Validation de la commande&#8221;).<br \/>\n3- S\u00e9lectionner l\u2019option de paiement par carte bancaire apr\u00e8s avoir entr\u00e9 vos informations de contact.<br \/>\n4- Vous serez guid\u00e9 \u00e0 travers un syst\u00e8me de paiement s\u00e9curis\u00e9 et automatique.<br \/>\n5- Les frais de port sont calcul\u00e9s automatiquement. <a href=\"https:\/\/sionneau.com\/boutique\/ tarifs-livraison\/\">Les tarifs sont expliqu\u00e9s en d\u00e9tail ici <\/a><br \/>\n6- Vous recevrez un email de confirmation de paiement ainsi que la facture. Le livre sera exp\u00e9di\u00e9 tr\u00e8s vite.<\/p>\n<p><script>\ndocument.write('<a class=\"storefront-sticky-add-to-cart__content-button button alt\" href=\"'); document.write((window.location.href).split(\"?\")[0]); document.write('?add-to-cart=94'); document.write('\"> Ajouter au panier <\/a>');\n<\/script> <a class=\"button checkout wc-forward\" href=\"https:\/\/sionneau.com\/boutique\/commande\/\">Validation de la commande<\/a><\/p>\n<h3>Paiement par virement bancaire<\/h3>\n<p>1- Ajouter ce livre \u00e0 votre panier (Bouton &#8220;Ajouter au Panier&#8221;).<br \/>\n2- Rendez vous sur la page de validation de commande (Bouton &#8220;Voir le panier&#8221; ou &#8220;Validation de la commande&#8221;).<br \/>\n3- S\u00e9lectionner l\u2019option de paiement par virement bancaire apr\u00e8s avoir entr\u00e9 vos informations de contact.<br \/>\n4- Les instructions de paiement vous seront communiqu\u00e9es au moment de l\u2019achat et par email.<br \/>\n5- Les frais de port sont calcul\u00e9s automatiquement. <a href=\"https:\/\/sionneau.com\/boutique\/ tarifs-livraison\/\">Les tarifs sont expliqu\u00e9s en d\u00e9tail ici <\/a><br \/>\n6- Les frais bancaires sont \u00e0 votre charge.<br \/>\n7- Lorsque votre virement bancaire sera re\u00e7u vous recevrez un email de confirmation de paiement avec la facture et le livre sera rapidement envoy\u00e9.<\/p>\n<p><script>\ndocument.write('<a class=\"storefront-sticky-add-to-cart__content-button button alt\" href=\"'); document.write((window.location.href).split(\"?\")[0]); document.write('?add-to-cart=94'); document.write('\"> Ajouter au panier <\/a>');\n<\/script> <a class=\"button checkout wc-forward\" href=\"https:\/\/sionneau.com\/boutique\/commande\/\">Validation de la commande<\/a><\/p>\n<h3>Paiement par ch\u00e8que bancaire\u00a0<strong><br \/>\n<\/strong><\/h3>\n<p>1- Ajouter ce livre \u00e0 votre panier (Bouton &#8220;Ajouter au Panier&#8221;).<br \/>\n2- Rendez vous sur la page de validation de commande (Bouton &#8220;Voir le panier&#8221; ou &#8220;Validation de la commande&#8221;).<br \/>\n3- S\u00e9lectionner l\u2019option de paiement par ch\u00e8que apr\u00e8s avoir entr\u00e9 vos informations de contact.<br \/>\n4- Les instructions de paiement vous seront communiqu\u00e9es au moment de l\u2019achat et par email.<br \/>\n5- Les frais de port sont calcul\u00e9s automatiquement. <a href=\"https:\/\/sionneau.com\/boutique\/ tarifs-livraison\/\">Les tarifs sont expliqu\u00e9s en d\u00e9tail ici <\/a><br \/>\n7- Lorsque votre ch\u00e8que sera re\u00e7u vous recevrez un email de confirmation de paiement avec la facture et le livre sera imm\u00e9diatement envoy\u00e9.<\/p>\n<p><script>\ndocument.write('<a class=\"storefront-sticky-add-to-cart__content-button button alt\" href=\"'); document.write((window.location.href).split(\"?\")[0]); document.write('?add-to-cart=94'); document.write('\"> Ajouter au panier <\/a>');\n<\/script> <a class=\"button checkout wc-forward\" href=\"https:\/\/sionneau.com\/boutique\/commande\/\">Validation de la commande<\/a><\/p>\n<h4><strong>Nos garanties :<\/strong><\/h4>\n<h5>a &#8211; Envoi de votre commande le plus rapidement possible<br \/>\nb &#8211; Colis livr\u00e9 \u00e0 domicile<br \/>\nc &#8211; Colis suivi et s\u00e9curis\u00e9<br \/>\nd &#8211; Bonne humeur et sourire garantis 100% fait maison<\/h5>\n<p>&nbsp;<\/p>\n","protected":false},"excerpt":{"rendered":"<h5><span style=\"color: #800000;\"> Philippe Sionneau, nous propose une synth\u00e8se coh\u00e9rente et pr\u00e9cise sur les plantes chinoises pr\u00e9par\u00e9es, bas\u00e9e sur les grands classiques de la litt\u00e9rature m\u00e9dicale chinoise et sur l\u2019enseignement traditionnel qu\u2019il re\u00e7ut \u00e0 l\u2019universit\u00e9 et h\u00f4pital de m\u00e9decine chinoise de Wu Han. <\/span><\/h5>\n","protected":false},"featured_media":17388,"template":"","meta":[],"product_cat":[20],"product_tag":[],"yoast_head":"<!-- This site is optimized with the Yoast SEO plugin v20.5 - https:\/\/yoast.com\/wordpress\/plugins\/seo\/ -->\n<title>Pao Zhi - Prescrire les substances m\u00e9dicinales chinoises pr\u00e9par\u00e9es - Boutique de Sionneau.com<\/title>\n<meta name=\"robots\" content=\"index, follow, max-snippet:-1, max-image-preview:large, max-video-preview:-1\" \/>\n<link rel=\"canonical\" href=\"https:\/\/sionneau.com\/boutique\/medecine--chinoise\/pao-zhi-prescrire-les-substances-medicinales-chinoises-preparees\/\" \/>\n<meta property=\"og:locale\" content=\"fr_FR\" \/>\n<meta property=\"og:type\" content=\"article\" \/>\n<meta property=\"og:title\" content=\"Pao Zhi - Prescrire les substances m\u00e9dicinales chinoises pr\u00e9par\u00e9es - Boutique de Sionneau.com\" \/>\n<meta property=\"og:description\" content=\"Philippe Sionneau, nous propose une synth\u00e8se coh\u00e9rente et pr\u00e9cise sur les plantes chinoises pr\u00e9par\u00e9es, bas\u00e9e sur les grands classiques de la litt\u00e9rature m\u00e9dicale chinoise et sur l\u2019enseignement traditionnel qu\u2019il re\u00e7ut \u00e0 l\u2019universit\u00e9 et h\u00f4pital de m\u00e9decine chinoise de Wu Han.\" \/>\n<meta property=\"og:url\" content=\"https:\/\/sionneau.com\/boutique\/medecine--chinoise\/pao-zhi-prescrire-les-substances-medicinales-chinoises-preparees\/\" \/>\n<meta property=\"og:site_name\" content=\"Boutique de Sionneau.com\" \/>\n<meta property=\"article:modified_time\" content=\"2021-10-08T07:51:38+00:00\" \/>\n<meta property=\"og:image\" content=\"https:\/\/sionneau.com\/boutique\/wp-content\/uploads\/2018\/12\/Pao-Zhi-Pharmacop\u00e9e-Philippe-Sionneau-nouveau.png\" \/>\n\t<meta property=\"og:image:width\" content=\"360\" \/>\n\t<meta property=\"og:image:height\" content=\"457\" \/>\n\t<meta property=\"og:image:type\" content=\"image\/png\" \/>\n<meta name=\"twitter:card\" content=\"summary_large_image\" \/>\n<meta name=\"twitter:label1\" content=\"Dur\u00e9e de lecture estim\u00e9e\" \/>\n\t<meta name=\"twitter:data1\" content=\"4 minutes\" \/>\n<script type=\"application\/ld+json\" class=\"yoast-schema-graph\">{\"@context\":\"https:\/\/schema.org\",\"@graph\":[{\"@type\":\"WebPage\",\"@id\":\"https:\/\/sionneau.com\/boutique\/medecine--chinoise\/pao-zhi-prescrire-les-substances-medicinales-chinoises-preparees\/\",\"url\":\"https:\/\/sionneau.com\/boutique\/medecine--chinoise\/pao-zhi-prescrire-les-substances-medicinales-chinoises-preparees\/\",\"name\":\"Pao Zhi - Prescrire les substances m\u00e9dicinales chinoises pr\u00e9par\u00e9es - Boutique de Sionneau.com\",\"isPartOf\":{\"@id\":\"https:\/\/sionneau.com\/boutique\/#website\"},\"datePublished\":\"2018-12-11T19:09:34+00:00\",\"dateModified\":\"2021-10-08T07:51:38+00:00\",\"breadcrumb\":{\"@id\":\"https:\/\/sionneau.com\/boutique\/medecine--chinoise\/pao-zhi-prescrire-les-substances-medicinales-chinoises-preparees\/#breadcrumb\"},\"inLanguage\":\"fr-FR\",\"potentialAction\":[{\"@type\":\"ReadAction\",\"target\":[\"https:\/\/sionneau.com\/boutique\/medecine--chinoise\/pao-zhi-prescrire-les-substances-medicinales-chinoises-preparees\/\"]}]},{\"@type\":\"BreadcrumbList\",\"@id\":\"https:\/\/sionneau.com\/boutique\/medecine--chinoise\/pao-zhi-prescrire-les-substances-medicinales-chinoises-preparees\/#breadcrumb\",\"itemListElement\":[{\"@type\":\"ListItem\",\"position\":1,\"name\":\"Accueil\",\"item\":\"https:\/\/sionneau.com\/boutique\/\"},{\"@type\":\"ListItem\",\"position\":2,\"name\":\"Boutique\",\"item\":\"https:\/\/sionneau.com\/boutique\/\"},{\"@type\":\"ListItem\",\"position\":3,\"name\":\"Pao Zhi &#8211; Prescrire les substances m\u00e9dicinales chinoises pr\u00e9par\u00e9es\"}]},{\"@type\":\"WebSite\",\"@id\":\"https:\/\/sionneau.com\/boutique\/#website\",\"url\":\"https:\/\/sionneau.com\/boutique\/\",\"name\":\"Boutique de Sionneau.com\",\"description\":\"Authenticit\u00e9 &amp; professionnalisme\",\"publisher\":{\"@id\":\"https:\/\/sionneau.com\/boutique\/#organization\"},\"potentialAction\":[{\"@type\":\"SearchAction\",\"target\":{\"@type\":\"EntryPoint\",\"urlTemplate\":\"https:\/\/sionneau.com\/boutique\/?s={search_term_string}\"},\"query-input\":\"required name=search_term_string\"}],\"inLanguage\":\"fr-FR\"},{\"@type\":\"Organization\",\"@id\":\"https:\/\/sionneau.com\/boutique\/#organization\",\"name\":\"Philippe Sionneau\",\"url\":\"https:\/\/sionneau.com\/boutique\/\",\"logo\":{\"@type\":\"ImageObject\",\"inLanguage\":\"fr-FR\",\"@id\":\"https:\/\/sionneau.com\/boutique\/#\/schema\/logo\/image\/\",\"url\":\"https:\/\/sionneau.com\/boutique\/wp-content\/uploads\/2019\/03\/Sionneau-logo-1.png\",\"contentUrl\":\"https:\/\/sionneau.com\/boutique\/wp-content\/uploads\/2019\/03\/Sionneau-logo-1.png\",\"width\":600,\"height\":488,\"caption\":\"Philippe Sionneau\"},\"image\":{\"@id\":\"https:\/\/sionneau.com\/boutique\/#\/schema\/logo\/image\/\"}}]}<\/script>\n<!-- \/ Yoast SEO plugin. -->","yoast_head_json":{"title":"Pao Zhi - Prescrire les substances m\u00e9dicinales chinoises pr\u00e9par\u00e9es - Boutique de Sionneau.com","robots":{"index":"index","follow":"follow","max-snippet":"max-snippet:-1","max-image-preview":"max-image-preview:large","max-video-preview":"max-video-preview:-1"},"canonical":"https:\/\/sionneau.com\/boutique\/medecine--chinoise\/pao-zhi-prescrire-les-substances-medicinales-chinoises-preparees\/","og_locale":"fr_FR","og_type":"article","og_title":"Pao Zhi - Prescrire les substances m\u00e9dicinales chinoises pr\u00e9par\u00e9es - Boutique de Sionneau.com","og_description":"Philippe Sionneau, nous propose une synth\u00e8se coh\u00e9rente et pr\u00e9cise sur les plantes chinoises pr\u00e9par\u00e9es, bas\u00e9e sur les grands classiques de la litt\u00e9rature m\u00e9dicale chinoise et sur l\u2019enseignement traditionnel qu\u2019il re\u00e7ut \u00e0 l\u2019universit\u00e9 et h\u00f4pital de m\u00e9decine chinoise de Wu Han.","og_url":"https:\/\/sionneau.com\/boutique\/medecine--chinoise\/pao-zhi-prescrire-les-substances-medicinales-chinoises-preparees\/","og_site_name":"Boutique de Sionneau.com","article_modified_time":"2021-10-08T07:51:38+00:00","og_image":[{"width":360,"height":457,"url":"https:\/\/sionneau.com\/boutique\/wp-content\/uploads\/2018\/12\/Pao-Zhi-Pharmacop\u00e9e-Philippe-Sionneau-nouveau.png","type":"image\/png"}],"twitter_card":"summary_large_image","twitter_misc":{"Dur\u00e9e de lecture estim\u00e9e":"4 minutes"},"schema":{"@context":"https:\/\/schema.org","@graph":[{"@type":"WebPage","@id":"https:\/\/sionneau.com\/boutique\/medecine--chinoise\/pao-zhi-prescrire-les-substances-medicinales-chinoises-preparees\/","url":"https:\/\/sionneau.com\/boutique\/medecine--chinoise\/pao-zhi-prescrire-les-substances-medicinales-chinoises-preparees\/","name":"Pao Zhi - Prescrire les substances m\u00e9dicinales chinoises pr\u00e9par\u00e9es - Boutique de Sionneau.com","isPartOf":{"@id":"https:\/\/sionneau.com\/boutique\/#website"},"datePublished":"2018-12-11T19:09:34+00:00","dateModified":"2021-10-08T07:51:38+00:00","breadcrumb":{"@id":"https:\/\/sionneau.com\/boutique\/medecine--chinoise\/pao-zhi-prescrire-les-substances-medicinales-chinoises-preparees\/#breadcrumb"},"inLanguage":"fr-FR","potentialAction":[{"@type":"ReadAction","target":["https:\/\/sionneau.com\/boutique\/medecine--chinoise\/pao-zhi-prescrire-les-substances-medicinales-chinoises-preparees\/"]}]},{"@type":"BreadcrumbList","@id":"https:\/\/sionneau.com\/boutique\/medecine--chinoise\/pao-zhi-prescrire-les-substances-medicinales-chinoises-preparees\/#breadcrumb","itemListElement":[{"@type":"ListItem","position":1,"name":"Accueil","item":"https:\/\/sionneau.com\/boutique\/"},{"@type":"ListItem","position":2,"name":"Boutique","item":"https:\/\/sionneau.com\/boutique\/"},{"@type":"ListItem","position":3,"name":"Pao Zhi &#8211; Prescrire les substances m\u00e9dicinales chinoises pr\u00e9par\u00e9es"}]},{"@type":"WebSite","@id":"https:\/\/sionneau.com\/boutique\/#website","url":"https:\/\/sionneau.com\/boutique\/","name":"Boutique de Sionneau.com","description":"Authenticit\u00e9 &amp; professionnalisme","publisher":{"@id":"https:\/\/sionneau.com\/boutique\/#organization"},"potentialAction":[{"@type":"SearchAction","target":{"@type":"EntryPoint","urlTemplate":"https:\/\/sionneau.com\/boutique\/?s={search_term_string}"},"query-input":"required name=search_term_string"}],"inLanguage":"fr-FR"},{"@type":"Organization","@id":"https:\/\/sionneau.com\/boutique\/#organization","name":"Philippe Sionneau","url":"https:\/\/sionneau.com\/boutique\/","logo":{"@type":"ImageObject","inLanguage":"fr-FR","@id":"https:\/\/sionneau.com\/boutique\/#\/schema\/logo\/image\/","url":"https:\/\/sionneau.com\/boutique\/wp-content\/uploads\/2019\/03\/Sionneau-logo-1.png","contentUrl":"https:\/\/sionneau.com\/boutique\/wp-content\/uploads\/2019\/03\/Sionneau-logo-1.png","width":600,"height":488,"caption":"Philippe Sionneau"},"image":{"@id":"https:\/\/sionneau.com\/boutique\/#\/schema\/logo\/image\/"}}]}},"_links":{"self":[{"href":"https:\/\/sionneau.com\/boutique\/wp-json\/wp\/v3\/product\/94"}],"collection":[{"href":"https:\/\/sionneau.com\/boutique\/wp-json\/wp\/v3\/product"}],"about":[{"href":"https:\/\/sionneau.com\/boutique\/wp-json\/wp\/v2\/types\/product"}],"wp:featuredmedia":[{"embeddable":true,"href":"https:\/\/sionneau.com\/boutique\/wp-json\/wp\/v2\/media\/17388"}],"wp:attachment":[{"href":"https:\/\/sionneau.com\/boutique\/wp-json\/wp\/v2\/media?parent=94"}],"wp:term":[{"taxonomy":"product_cat","embeddable":true,"href":"https:\/\/sionneau.com\/boutique\/wp-json\/wp\/v2\/product_cat?post=94"},{"taxonomy":"product_tag","embeddable":true,"href":"https:\/\/sionneau.com\/boutique\/wp-json\/wp\/v2\/product_tag?post=94"}],"curies":[{"name":"wp","href":"https:\/\/api.w.org\/{rel}","templated":true}]}}