{"id":42864,"date":"2024-07-11T17:20:10","date_gmt":"2024-07-11T15:20:10","guid":{"rendered":"https:\/\/sionneau.com\/boutique\/?post_type=product&#038;p=42864"},"modified":"2024-07-31T16:47:44","modified_gmt":"2024-07-31T14:47:44","slug":"lesprit-originel-yuan-shen","status":"publish","type":"product","link":"https:\/\/sionneau.com\/boutique\/medecine--chinoise\/lesprit-originel-yuan-shen\/","title":{"rendered":"L\u2019Esprit Originel \u2013 Yuan Shen"},"content":{"rendered":"<p>Cette formation en ligne propose une pr\u00e9sentation sans pr\u00e9c\u00e9dent d\u2019une des plus importantes notions de la m\u00e9decine chinoise tao\u00efsante : l\u2019esprit originel &#8211; yu\u00e1n sh\u00e9n \u5143\u795e. A travers les classiques de la m\u00e9decine chinoise, les textes philosophiques et les trait\u00e9s de l\u2019alchimie tao\u00efste, nous aborderons de mani\u00e8re captivante le concept d\u2019esprit originel, l\u2019un des trois tr\u00e9sors.<\/p>\n<p>Nous \u00e9voquerons des concepts essentiels pour comprendre ce que repr\u00e9sente r\u00e9ellement l\u2019esprit originel, comme par exemple le D\u00e0o (\u9053), le sans fa\u00eete (w\u00fa j\u00ed \u65e0\u6781), le vide supr\u00eame (t\u00e0i x\u016b \u592a\u865a), la nature inn\u00e9e (x\u00ecng \u6027), la force vitale (m\u00ecng \u547d), l\u2019esprit de la connaissance (sh\u00ed sh\u00e9n \u8bc6\u795e), le c\u0153ur du D\u00e0o (d\u00e0o x\u012bn \u9053\u5fc3), le c\u0153ur de l\u2019homme (r\u00e9n x\u012bn \u4eba\u5fc3).<\/p>\n<p>Nous ferons le lien \u00e9galement entre l\u2019esprit originel et le cerveau selon les grands ma\u00eetres de la m\u00e9decine chinoise. Toutes les id\u00e9es seront justifi\u00e9es par des extraits de textes issus du tao\u00efsme ou des classiques m\u00e9dicaux, dont la plupart sont totalement in\u00e9dits en langue occidentale !<\/p>\n<p><span style=\"color: #ff0000;\"><strong>Cette formation en ligne est accompagn\u00e9e d\u2019un support de cours de 62 slides en couleur (31 pages).<\/strong><\/span><\/p>\n<p><strong><span style=\"color: #ff0000;\">Cette formation en ligne b\u00e9n\u00e9ficie d\u2019un forum d\u00e9di\u00e9 o\u00f9 vous pouvez poser vos questions \u00e0 Philippe Sionneau.<\/span><\/strong><\/p>\n<p><strong>Programme<\/strong><\/p>\n<p><strong>Vid\u00e9o 1<\/strong><\/p>\n<ul>\n<li>D\u2019o\u00f9 vient l\u2019esprit originel ?<\/li>\n<li>D\u00e0o (\u9053), sans fa\u00eete (w\u00fa j\u00ed \u65e0\u6781), vide supr\u00eame (t\u00e0i x\u016b \u592a\u865a)<\/li>\n<li>Immortalit\u00e9 de l\u2019esprit<\/li>\n<li>L\u2019origine de toutes cr\u00e9atures<\/li>\n<li>Etc.<\/li>\n<\/ul>\n<p><strong>Vid\u00e9o 2<\/strong><\/p>\n<ul>\n<li>Qu\u2019est-ce que l\u2019esprit originel ?<\/li>\n<li>Quelle est la nature de l\u2019esprit originel\u00a0?<\/li>\n<li>Quelles sont les caract\u00e9ristiques de l\u2019esprit originel\u00a0?<\/li>\n<li>Selon la m\u00e9decine chinoise, selon le tao\u00efsme, selon l\u2019alchimie interne, selon les penseurs chinois<\/li>\n<\/ul>\n<p><strong>Vid\u00e9o 3<\/strong><\/p>\n<ul>\n<li>Notions importantes permettant d\u2019affiner la compr\u00e9hension de l\u2019esprit originel<\/li>\n<li>X\u00ecng (\u6027), la \u00ab\u00a0nature inn\u00e9e\u00a0\u00bb<\/li>\n<li>M\u00ecng (\u547d), la \u00ab\u00a0force vitale\u00a0\u00bb<\/li>\n<li>Le c\u0153ur du D\u00e0o (d\u00e0o x\u012bn \u9053\u5fc3)<\/li>\n<li>Le c\u0153ur de l\u2019homme (r\u00e9n x\u012bn \u4eba\u5fc3)<\/li>\n<li>L\u2019esprit de la connaissance (sh\u00ed sh\u00e9n \u8bc6\u795e)<\/li>\n<\/ul>\n<p><strong>Vid\u00e9o 4<\/strong><\/p>\n<ul>\n<li style=\"list-style-type: none;\">\n<ul>\n<li>L\u2019esprit originel et le cerveau<\/li>\n<li>Est-ce le c\u0153ur ou cerveau, qui est le si\u00e8ge de l\u2019esprit\u00a0?<\/li>\n<li>Liens entre esprit originel et cerveau selon les grands m\u00e9decins de la tradition\u00a0: L\u01d0 Sh\u00ed Zh\u0113n \u674e\u65f6\u73cd, W\u00fa Qi\u0101n \u5434\u8c26, Zh\u0101ng X\u00ed Ch\u00fan \u5f20\u9521\u7eaf, S\u016bn S\u012b Mi\u01ceo \u5b59\u601d\u9088, T\u00e9ng H\u00f3ng \u817e\u5f18, W\u00e1ng Q\u012bng R\u00e8n \u738b\u6e05\u4efb\u2026<\/li>\n<li>L\u2019esprit originel et le champ de cinabre sup\u00e9rieur<\/li>\n<li>L\u2019esprit originel et la pilule de boue (n\u00ed w\u00e1n \u6ce5\u4e38)<\/li>\n<\/ul>\n<\/li>\n<\/ul>\n<h3><strong>Enseignant<\/strong>\u00a0:<\/h3>\n<p>Philippe Sionneau est l\u2019un des experts de m\u00e9decine chinoise les plus appr\u00e9ci\u00e9s en Europe. Il est \u00e0 l\u2019origine de l\u2019introduction de tr\u00e8s nombreuses informations jusqu\u2019alors in\u00e9dites dans nos pays et notamment dans le domaine de la pharmacologie chinoise, de l\u2019acupuncture et des pathologies. Il a publi\u00e9 plus d\u2019une trentaine de livres. Plusieurs de ses ouvrages sont utilis\u00e9s dans les universit\u00e9s am\u00e9ricaines, canadiennes et australiennes. Depuis 25 ans, il fait le bonheur de plusieurs g\u00e9n\u00e9rations d\u2019\u00e9tudiants et de praticiens de m\u00e9decine chinoise. Ses cours remportent un grand succ\u00e8s en France. C\u2019est l\u2019un des rares occidentaux \u00e0 avoir suivi un cursus complet en m\u00e9decine chinoise dans une universit\u00e9 en Chine, la Hubei University of Chinese Medicine, dont il est dipl\u00f4m\u00e9. Il s\u2019agit d\u2019un dipl\u00f4me d\u2019\u00e9tat officiel de Chine Populaire. Pour \u00eatre plus exact, il poss\u00e8de un bachelor degree qui donne droit \u00e0 pratiquer la m\u00e9decine chinoise dans n\u2019importe quel h\u00f4pital en Chine. Il est consid\u00e9r\u00e9 l\u00e0-bas comme m\u00e9decin.\u00a0<strong>C\u2019est le premier fran\u00e7ais et un des tr\u00e8s rares \u00e0 avoir obtenu ce titre.<\/strong><\/p>\n<h3><strong>Tarif\u00a0<\/strong>:<\/h3>\n<p>Promo :\u00a0<strong>19<\/strong> euros au lieu de\u00a0<s>25<\/s> euros<\/p>\n<h3><strong>Dur\u00e9e totale des vid\u00e9os :<\/strong><\/h3>\n<p>32 minutes<\/p>\n<h3><strong>Accessibilit\u00e9<\/strong>\u00a0:<\/h3>\n<p>illimit\u00e9 sur 1 an (12 mois)<\/p>\n<h3><strong>Comment acheter le cours et y avoir acc\u00e8s\u00a0?<\/strong><\/h3>\n<h3><strong>D\u00e9roulement de l\u2019inscription\u00a0:<\/strong><\/h3>\n<ol>\n<li>Vous devez r\u00e9gler votre formation par carte bancaire, ch\u00e8que ou virement bancaire.<\/li>\n<li>Nous vous enverrons votre acc\u00e8s \u00e0 votre adresse e-mail d\u00e8s que nous aurons re\u00e7u la confirmation du paiement.<\/li>\n<li>D\u00e8s r\u00e9ception de vos acc\u00e8s vous pouvez commencer votre cours.<\/li>\n<li>Le cours se d\u00e9roule sur une plateforme de e-learning d\u00e9di\u00e9e et s\u00e9curis\u00e9e.<\/li>\n<\/ol>\n<h3><strong>Comment r\u00e9gler la formation<\/strong><\/h3>\n<p><strong>Vous pouvez payer cette formation de trois mani\u00e8res :<\/strong><\/p>\n<ul>\n<li>soit par carte bancaire<\/li>\n<li>soit par virement bancaire<\/li>\n<li>soit par ch\u00e8que bancaire<\/li>\n<\/ul>\n<h3>Paiement par carte bancaire :<\/h3>\n<p>1- Ajouter cette formation \u00e0 votre panier (Bouton \u201cAjouter au Panier\u201d).<br \/>\n2- Validez votre commande en cliquant sur le bouton \u201cVoir le panier\u201d ou \u201cValidation de la commande\u00a0\u00bb.<br \/>\n3- S\u00e9lectionner l\u2019option de paiement par carte bancaire apr\u00e8s avoir entr\u00e9 vos informations de contact.<br \/>\n4- Vous serez guid\u00e9 \u00e0 travers un syst\u00e8me de paiement s\u00e9curis\u00e9 et automatique.<br \/>\n5- Vous recevrez un email de confirmation de paiement ainsi que la facture.<br \/>\n6- Vous recevrez \u00e9galement un email o\u00f9 seront notifi\u00e9s vos identifiants et acc\u00e8s \u00e0 la formation.<\/p>\n<p><a class=\"storefront-sticky-add-to-cart__content-button button alt\" href=\"https:\/\/sionneau.com\/boutique\/medecine--chinoise\/lesprit-originel-yuan-shen\/?add-to-cart=42864\">Ajouter au panier<\/a><\/p>\n<h3>Paiement par virement bancaire<\/h3>\n<p>1- Ajouter cette formation \u00e0 votre panier (Bouton \u201cAjouter au Panier\u201d).<br \/>\n2- Validez votre commande en cliquant sur le bouton \u201cVoir le panier\u201d ou \u201cValidation de la commande\u00a0\u00bb.<br \/>\n3- S\u00e9lectionner l\u2019option de paiement par virement bancaire apr\u00e8s avoir entr\u00e9 vos informations de contact.<br \/>\n4- Les instructions de paiement vous seront communiqu\u00e9es au moment de l\u2019achat et par email.<br \/>\n<strong>5- Les frais bancaires sont \u00e0 votre charge.<\/strong><br \/>\n6- Lorsque votre virement bancaire sera re\u00e7u vous recevrez un email de confirmation de paiement ainsi que la facture.<br \/>\n7- D\u00e8s r\u00e9ception du virement, nous vous enverrons vos identifiants et acc\u00e8s \u00e0 la formation par email.<\/p>\n<p><a class=\"storefront-sticky-add-to-cart__content-button button alt\" href=\"https:\/\/sionneau.com\/boutique\/medecine--chinoise\/lesprit-originel-yuan-shen\/?add-to-cart=42864\">Ajouter au panier<\/a><\/p>\n<h3>Paiement par ch\u00e8que bancaire\u00a0<strong><br \/>\n<\/strong><\/h3>\n<p>1- Ajouter cette formation \u00e0 votre panier (Bouton \u201cAjouter au Panier\u201d).<br \/>\n2- Validez votre commande en cliquant sur le bouton \u201cVoir le panier\u201d ou \u201cValidation de la commande\u00a0\u00bb.<br \/>\n3- S\u00e9lectionner l\u2019option de paiement par ch\u00e8que apr\u00e8s avoir entr\u00e9 vos informations de contact.<br \/>\n4- Les instructions de paiement vous seront communiqu\u00e9es au moment de l\u2019achat et par email.<br \/>\n5- Lorsque votre ch\u00e8que sera re\u00e7u vous recevrez un email de confirmation de paiement avec la facture.<br \/>\n6- D\u00e8s encaissement du ch\u00e8que, nous vous enverrons vos identifiants et acc\u00e8s \u00e0 la formation par email.<\/p>\n<p><a class=\"storefront-sticky-add-to-cart__content-button button alt\" href=\"https:\/\/sionneau.com\/boutique\/medecine--chinoise\/lesprit-originel-yuan-shen\/?add-to-cart=42864\">Ajouter au panier<\/a><\/p>\n<h4><strong>Voir aussi les cours en ligne \u00ab Les Majeurs \u00bb :<\/strong><a href=\"https:\/\/sionneau.com\/e-learning\/-en-ligne\" target=\"_blank\" rel=\"noopener\">\u00a0<\/a><a href=\"https:\/\/sionneau.com\/boutique\/medecine-chinoise\/cours-en-ligne\/\">https:\/\/sionneau.com\/boutique\/medecine-chinoise\/cours-en-ligne\/<\/a><\/h4>\n<h4><strong>Un probl\u00e8me technique ? Contactez<\/strong>\u00a0<strong><a href=\"mailto:support@sionneau.com\">support@sionneau.com<\/a><\/strong><\/h4>\n<p>&nbsp;<\/p>\n","protected":false},"excerpt":{"rendered":"<p>Cette formation en ligne propose une pr\u00e9sentation sans pr\u00e9c\u00e9dent d\u2019une des plus importantes notions de la m\u00e9decine chinoise tao\u00efsante : l\u2019esprit originel &#8211; yu\u00e1n sh\u00e9n \u5143\u795e. A travers les classiques de la m\u00e9decine chinoise, les textes philosophiques et les trait\u00e9s de l\u2019alchimie tao\u00efste, nous aborderons de mani\u00e8re captivante le concept d\u2019esprit originel, l\u2019un des trois [&hellip;]<\/p>\n","protected":false},"featured_media":43255,"template":"","meta":[],"product_cat":[54],"product_tag":[],"yoast_head":"<!-- This site is optimized with the Yoast SEO plugin v20.5 - https:\/\/yoast.com\/wordpress\/plugins\/seo\/ -->\n<title>L\u2019Esprit Originel \u2013 Yuan Shen - Boutique de Sionneau.com<\/title>\n<meta name=\"robots\" content=\"index, follow, max-snippet:-1, max-image-preview:large, max-video-preview:-1\" \/>\n<link rel=\"canonical\" href=\"https:\/\/sionneau.com\/boutique\/medecine--chinoise\/lesprit-originel-yuan-shen\/\" \/>\n<meta property=\"og:locale\" content=\"fr_FR\" \/>\n<meta property=\"og:type\" content=\"article\" \/>\n<meta property=\"og:title\" content=\"L\u2019Esprit Originel \u2013 Yuan Shen - Boutique de Sionneau.com\" \/>\n<meta property=\"og:description\" content=\"Cette formation en ligne propose une pr\u00e9sentation sans pr\u00e9c\u00e9dent d\u2019une des plus importantes notions de la m\u00e9decine chinoise tao\u00efsante : l\u2019esprit originel &#8211; yu\u00e1n sh\u00e9n \u5143\u795e. A travers les classiques de la m\u00e9decine chinoise, les textes philosophiques et les trait\u00e9s de l\u2019alchimie tao\u00efste, nous aborderons de mani\u00e8re captivante le concept d\u2019esprit originel, l\u2019un des trois [&hellip;]\" \/>\n<meta property=\"og:url\" content=\"https:\/\/sionneau.com\/boutique\/medecine--chinoise\/lesprit-originel-yuan-shen\/\" \/>\n<meta property=\"og:site_name\" content=\"Boutique de Sionneau.com\" \/>\n<meta property=\"article:modified_time\" content=\"2024-07-31T14:47:44+00:00\" \/>\n<meta property=\"og:image\" content=\"https:\/\/sionneau.com\/boutique\/wp-content\/uploads\/2024\/07\/esprit-originel-yuan-shen-philippe-sionneau.jpg\" \/>\n\t<meta property=\"og:image:width\" content=\"820\" \/>\n\t<meta property=\"og:image:height\" content=\"615\" \/>\n\t<meta property=\"og:image:type\" content=\"image\/jpeg\" \/>\n<meta name=\"twitter:card\" content=\"summary_large_image\" \/>\n<meta name=\"twitter:label1\" content=\"Dur\u00e9e de lecture estim\u00e9e\" \/>\n\t<meta name=\"twitter:data1\" content=\"5 minutes\" \/>\n<script type=\"application\/ld+json\" class=\"yoast-schema-graph\">{\"@context\":\"https:\/\/schema.org\",\"@graph\":[{\"@type\":\"WebPage\",\"@id\":\"https:\/\/sionneau.com\/boutique\/medecine--chinoise\/lesprit-originel-yuan-shen\/\",\"url\":\"https:\/\/sionneau.com\/boutique\/medecine--chinoise\/lesprit-originel-yuan-shen\/\",\"name\":\"L\u2019Esprit Originel \u2013 Yuan Shen - Boutique de Sionneau.com\",\"isPartOf\":{\"@id\":\"https:\/\/sionneau.com\/boutique\/#website\"},\"datePublished\":\"2024-07-11T15:20:10+00:00\",\"dateModified\":\"2024-07-31T14:47:44+00:00\",\"breadcrumb\":{\"@id\":\"https:\/\/sionneau.com\/boutique\/medecine--chinoise\/lesprit-originel-yuan-shen\/#breadcrumb\"},\"inLanguage\":\"fr-FR\",\"potentialAction\":[{\"@type\":\"ReadAction\",\"target\":[\"https:\/\/sionneau.com\/boutique\/medecine--chinoise\/lesprit-originel-yuan-shen\/\"]}]},{\"@type\":\"BreadcrumbList\",\"@id\":\"https:\/\/sionneau.com\/boutique\/medecine--chinoise\/lesprit-originel-yuan-shen\/#breadcrumb\",\"itemListElement\":[{\"@type\":\"ListItem\",\"position\":1,\"name\":\"Accueil\",\"item\":\"https:\/\/sionneau.com\/boutique\/\"},{\"@type\":\"ListItem\",\"position\":2,\"name\":\"Boutique\",\"item\":\"https:\/\/sionneau.com\/boutique\/\"},{\"@type\":\"ListItem\",\"position\":3,\"name\":\"L\u2019Esprit Originel \u2013 Yuan Shen\"}]},{\"@type\":\"WebSite\",\"@id\":\"https:\/\/sionneau.com\/boutique\/#website\",\"url\":\"https:\/\/sionneau.com\/boutique\/\",\"name\":\"Boutique de Sionneau.com\",\"description\":\"Authenticit\u00e9 &amp; professionnalisme\",\"publisher\":{\"@id\":\"https:\/\/sionneau.com\/boutique\/#organization\"},\"potentialAction\":[{\"@type\":\"SearchAction\",\"target\":{\"@type\":\"EntryPoint\",\"urlTemplate\":\"https:\/\/sionneau.com\/boutique\/?s={search_term_string}\"},\"query-input\":\"required name=search_term_string\"}],\"inLanguage\":\"fr-FR\"},{\"@type\":\"Organization\",\"@id\":\"https:\/\/sionneau.com\/boutique\/#organization\",\"name\":\"Philippe Sionneau\",\"url\":\"https:\/\/sionneau.com\/boutique\/\",\"logo\":{\"@type\":\"ImageObject\",\"inLanguage\":\"fr-FR\",\"@id\":\"https:\/\/sionneau.com\/boutique\/#\/schema\/logo\/image\/\",\"url\":\"https:\/\/sionneau.com\/boutique\/wp-content\/uploads\/2019\/03\/Sionneau-logo-1.png\",\"contentUrl\":\"https:\/\/sionneau.com\/boutique\/wp-content\/uploads\/2019\/03\/Sionneau-logo-1.png\",\"width\":600,\"height\":488,\"caption\":\"Philippe Sionneau\"},\"image\":{\"@id\":\"https:\/\/sionneau.com\/boutique\/#\/schema\/logo\/image\/\"}}]}<\/script>\n<!-- \/ Yoast SEO plugin. -->","yoast_head_json":{"title":"L\u2019Esprit Originel \u2013 Yuan Shen - Boutique de Sionneau.com","robots":{"index":"index","follow":"follow","max-snippet":"max-snippet:-1","max-image-preview":"max-image-preview:large","max-video-preview":"max-video-preview:-1"},"canonical":"https:\/\/sionneau.com\/boutique\/medecine--chinoise\/lesprit-originel-yuan-shen\/","og_locale":"fr_FR","og_type":"article","og_title":"L\u2019Esprit Originel \u2013 Yuan Shen - Boutique de Sionneau.com","og_description":"Cette formation en ligne propose une pr\u00e9sentation sans pr\u00e9c\u00e9dent d\u2019une des plus importantes notions de la m\u00e9decine chinoise tao\u00efsante : l\u2019esprit originel &#8211; yu\u00e1n sh\u00e9n \u5143\u795e. A travers les classiques de la m\u00e9decine chinoise, les textes philosophiques et les trait\u00e9s de l\u2019alchimie tao\u00efste, nous aborderons de mani\u00e8re captivante le concept d\u2019esprit originel, l\u2019un des trois [&hellip;]","og_url":"https:\/\/sionneau.com\/boutique\/medecine--chinoise\/lesprit-originel-yuan-shen\/","og_site_name":"Boutique de Sionneau.com","article_modified_time":"2024-07-31T14:47:44+00:00","og_image":[{"width":820,"height":615,"url":"https:\/\/sionneau.com\/boutique\/wp-content\/uploads\/2024\/07\/esprit-originel-yuan-shen-philippe-sionneau.jpg","type":"image\/jpeg"}],"twitter_card":"summary_large_image","twitter_misc":{"Dur\u00e9e de lecture estim\u00e9e":"5 minutes"},"schema":{"@context":"https:\/\/schema.org","@graph":[{"@type":"WebPage","@id":"https:\/\/sionneau.com\/boutique\/medecine--chinoise\/lesprit-originel-yuan-shen\/","url":"https:\/\/sionneau.com\/boutique\/medecine--chinoise\/lesprit-originel-yuan-shen\/","name":"L\u2019Esprit Originel \u2013 Yuan Shen - Boutique de Sionneau.com","isPartOf":{"@id":"https:\/\/sionneau.com\/boutique\/#website"},"datePublished":"2024-07-11T15:20:10+00:00","dateModified":"2024-07-31T14:47:44+00:00","breadcrumb":{"@id":"https:\/\/sionneau.com\/boutique\/medecine--chinoise\/lesprit-originel-yuan-shen\/#breadcrumb"},"inLanguage":"fr-FR","potentialAction":[{"@type":"ReadAction","target":["https:\/\/sionneau.com\/boutique\/medecine--chinoise\/lesprit-originel-yuan-shen\/"]}]},{"@type":"BreadcrumbList","@id":"https:\/\/sionneau.com\/boutique\/medecine--chinoise\/lesprit-originel-yuan-shen\/#breadcrumb","itemListElement":[{"@type":"ListItem","position":1,"name":"Accueil","item":"https:\/\/sionneau.com\/boutique\/"},{"@type":"ListItem","position":2,"name":"Boutique","item":"https:\/\/sionneau.com\/boutique\/"},{"@type":"ListItem","position":3,"name":"L\u2019Esprit Originel \u2013 Yuan Shen"}]},{"@type":"WebSite","@id":"https:\/\/sionneau.com\/boutique\/#website","url":"https:\/\/sionneau.com\/boutique\/","name":"Boutique de Sionneau.com","description":"Authenticit\u00e9 &amp; professionnalisme","publisher":{"@id":"https:\/\/sionneau.com\/boutique\/#organization"},"potentialAction":[{"@type":"SearchAction","target":{"@type":"EntryPoint","urlTemplate":"https:\/\/sionneau.com\/boutique\/?s={search_term_string}"},"query-input":"required name=search_term_string"}],"inLanguage":"fr-FR"},{"@type":"Organization","@id":"https:\/\/sionneau.com\/boutique\/#organization","name":"Philippe Sionneau","url":"https:\/\/sionneau.com\/boutique\/","logo":{"@type":"ImageObject","inLanguage":"fr-FR","@id":"https:\/\/sionneau.com\/boutique\/#\/schema\/logo\/image\/","url":"https:\/\/sionneau.com\/boutique\/wp-content\/uploads\/2019\/03\/Sionneau-logo-1.png","contentUrl":"https:\/\/sionneau.com\/boutique\/wp-content\/uploads\/2019\/03\/Sionneau-logo-1.png","width":600,"height":488,"caption":"Philippe Sionneau"},"image":{"@id":"https:\/\/sionneau.com\/boutique\/#\/schema\/logo\/image\/"}}]}},"_links":{"self":[{"href":"https:\/\/sionneau.com\/boutique\/wp-json\/wp\/v3\/product\/42864"}],"collection":[{"href":"https:\/\/sionneau.com\/boutique\/wp-json\/wp\/v3\/product"}],"about":[{"href":"https:\/\/sionneau.com\/boutique\/wp-json\/wp\/v2\/types\/product"}],"wp:featuredmedia":[{"embeddable":true,"href":"https:\/\/sionneau.com\/boutique\/wp-json\/wp\/v2\/media\/43255"}],"wp:attachment":[{"href":"https:\/\/sionneau.com\/boutique\/wp-json\/wp\/v2\/media?parent=42864"}],"wp:term":[{"taxonomy":"product_cat","embeddable":true,"href":"https:\/\/sionneau.com\/boutique\/wp-json\/wp\/v2\/product_cat?post=42864"},{"taxonomy":"product_tag","embeddable":true,"href":"https:\/\/sionneau.com\/boutique\/wp-json\/wp\/v2\/product_tag?post=42864"}],"curies":[{"name":"wp","href":"https:\/\/api.w.org\/{rel}","templated":true}]}}