{"id":42860,"date":"2024-07-11T17:17:56","date_gmt":"2024-07-11T15:17:56","guid":{"rendered":"https:\/\/sionneau.com\/boutique\/?post_type=product&#038;p=42860"},"modified":"2024-07-31T16:59:21","modified_gmt":"2024-07-31T14:59:21","slug":"les-cinq-esprits-en-medecine-chinoise","status":"publish","type":"product","link":"https:\/\/sionneau.com\/boutique\/medecine--chinoise\/les-cinq-esprits-en-medecine-chinoise\/","title":{"rendered":"Les cinq esprits en m\u00e9decine chinoise"},"content":{"rendered":"<p>Cette formation en ligne pr\u00e9sente de mani\u00e8re passionnante les cinq esprits (w\u01d4 sh\u00e9n \u4e94\u795e) selon la tradition m\u00e9dicale chinoise et selon les courants tao\u00efstes. De tr\u00e8s nombreuses informations in\u00e9dites, des traductions originales de textes inconnus en Occident, les enseignements du N\u00e8i J\u012bng (Classique interne) permettent une compr\u00e9hension approfondie de cette notion essentielle. Ce cours, au c\u0153ur de la tradition chinoise, viendra aiguiser voire r\u00e9volutionner votre mani\u00e8re de concevoir et d&#8217;appr\u00e9hender les cinq esprits en m\u00e9decine chinoise. Vous apprendrez que les cinq esprits ne sont v\u00e9ritablement que trois, qu\u2019ils sont li\u00e9s aux 5 \u00e9motions et aux cinq vertus, que le j\u012bng (\u7cbe) est consid\u00e9r\u00e9 aussi comme un esprit, que l\u2019\u00e9quilibre mental, \u00e9motionnel et spirituel d\u00e9pend de l\u2019axe c\u0153ur\/reins, que certains ph\u00e9nom\u00e8nes pr\u00e9cis perturbent les esprits et une foule d\u2019autres informations concises, claires, didactiques et captivantes. Actuellement, aucun support ne pr\u00e9sente les cinq esprits avec autant de pr\u00e9cision et de profondeur. Cette formation en ligne est l\u2019indispensable compl\u00e9ment de la formation en ligne\u00a0<a href=\"https:\/\/sionneau.com\/formations\/formation-en-ligne\/lesprit-originel-yuan-shen\" target=\"_blank\" rel=\"noopener\">\u00ab\u00a0l\u2019esprit originel &#8211; Yu\u00e1n Sh\u00e9n \u5143\u795e\u00a0\u00bb (cliquez ici pour avoir plus de d\u00e9tails)<\/a>.<\/p>\n<p><span style=\"color: #ff0000;\"><strong>Cette formation en ligne est accompagn\u00e9e d\u2019un support de cours de 64 slides en couleur (32 pages).<\/strong><\/span><\/p>\n<p><strong><span style=\"color: #ff0000;\">Cette formation en ligne b\u00e9n\u00e9ficie d\u2019un forum d\u00e9di\u00e9 o\u00f9 vous pouvez poser vos questions \u00e0 Philippe Sionneau.<\/span><\/strong><\/p>\n<p><strong>Vid\u00e9o 1<\/strong><\/p>\n<ul>\n<li>Cinq esprits ou cinq facult\u00e9s psychiques et sensorielles ?<\/li>\n<li>Les cinq esprits et les cinq organes z\u00e0ng<\/li>\n<li>Sh\u00e9n (\u795e), y\u00ec (\u610f), zh\u00ec (\u5fd7), h\u00fan (\u9b42), p\u00f2 (\u9b44)<\/li>\n<li>Les cinq esprits selon Y\u00e1ng Sh\u00e0ng Sh\u00e0n \u6768\u4e0a\u5584<\/li>\n<\/ul>\n<p><strong>Vid\u00e9o 2<\/strong><\/p>\n<ul>\n<li>L\u2019esprit du c\u0153ur est le chef d\u2019orchestre<\/li>\n<li>Esprits organes (z\u00e0ng sh\u00e9n \u810f\u795e)<\/li>\n<li>Esprits officiers (gu\u0101n sh\u00e9n \u5b98\u795e)<\/li>\n<li>Cinq r\u00e9serves spirituelles (w\u01d4 sh\u00e9n c\u00e1ng \u4e94\u795e\u85cf)<\/li>\n<li>Le terme sh\u00e9n (\u795e) repr\u00e9sente deux ph\u00e9nom\u00e8nes distincts<\/li>\n<li>L\u2019esprit, les organes et le j\u012bng<\/li>\n<li>Le c\u0153ur, le palais de l\u2019esprit<\/li>\n<\/ul>\n<p><strong>Vid\u00e9o 3<\/strong><\/p>\n<ul>\n<li>Les cinq esprits dans le N\u00e8i J\u012bng (Classique interne) &#8211; Partie 1<\/li>\n<li>Etude du chapitre 8 du L\u00edng Sh\u016b<\/li>\n<li>Traduction int\u00e9grale<\/li>\n<\/ul>\n<p><strong>Vid\u00e9o 4<\/strong><\/p>\n<ul>\n<li>Les cinq esprits dans le N\u00e8i J\u012bng (Classique interne) &#8211; Partie 2<\/li>\n<li>Etude du chapitre 8 du L\u00edng Sh\u016b<\/li>\n<li>Traduction int\u00e9grale<\/li>\n<li>Conclusions<\/li>\n<li>Sp\u00e9cificit\u00e9s du sh\u00e9n (\u795e), du y\u00ec (\u610f), du zh\u00ec (\u5fd7), du h\u00fan (\u9b42), du p\u00f2 (\u9b44)<\/li>\n<\/ul>\n<p><strong>Vid\u00e9o 5<\/strong><\/p>\n<ul>\n<li>Le j\u012bng (\u7cbe) : un sixi\u00e8me esprit ?<\/li>\n<li>Le j\u012bng est l\u2019esprit des reins selon les textes m\u00e9dicaux<\/li>\n<li>Le j\u012bng est l\u2019esprit des reins selon les textes tao\u00efstes<\/li>\n<li>Le j\u012bng et le zh\u00ec (\u5fd7), l\u2019esprit des reins<\/li>\n<\/ul>\n<p><strong>Vid\u00e9o 6<\/strong><\/p>\n<ul>\n<li>L\u2019union du feu du c\u0153ur et de l\u2019eau des reins pour l\u2019\u00e9quilibre spirituel<\/li>\n<li>L\u2019union mutuelle entre le c\u0153ur et les reins (x\u012bn sh\u00e8n xi\u0101ng ji\u0101o \u5fc3\u80be\u76f8\u4ea4)<\/li>\n<li>Eau\/feu, reins\/c\u0153ur, j\u012bng\/esprit, y\u012bn\/y\u00e1ng<\/li>\n<li>La vision des textes m\u00e9dicaux<\/li>\n<li>La vision des textes tao\u00efstes<\/li>\n<\/ul>\n<p><strong>Vid\u00e9o 7<\/strong><\/p>\n<ul>\n<li>Ce qui perturbe ou favorise l\u2019esprit d\u2019apr\u00e8s le \u00ab grand-p\u00e8re du bord du fleuve \u00bb<\/li>\n<li>Le sage l\u00e9gendaire H\u00e9 Sh\u00e0ng G\u014dng (\u6cb3\u4e0a\u516c)<\/li>\n<li>L\u01ceo Z\u01d0 H\u00e9 Sh\u00e0ng G\u014dng Zh\u00f9(Commentaires de He Shang Gong sur le Lao Zi)<\/li>\n<li>L\u2019alimentation et l\u2019esprit<\/li>\n<li>Les d\u00e9sirs, les \u00e9motions et l\u2019esprit<\/li>\n<li>\u00c9vacuer les \u00e9motions et d\u00e9sirs afin de laisser la place aux esprits dans les organes<\/li>\n<li>Le stress et l\u2019esprit<\/li>\n<\/ul>\n<p><strong>Vid\u00e9o 8<\/strong><\/p>\n<ul>\n<li>Les cinq esprits selon l\u2019\u00e9cole de la porte du dragon (L\u00f3ng M\u00e9n P\u00e0i \u9f99\u95e8\u6d3e)<\/li>\n<li>Li\u00fa Y\u012b M\u00edng \u5218\u4e00\u660e,ma\u00eetre tao\u00efste<\/li>\n<li>Relation des cinq esprits avec\u00a0:<\/li>\n<li>Les cinq mouvements<\/li>\n<li>Les cinq origines<\/li>\n<li>Les cinq vertus<\/li>\n<li>Les cinq \u00e9motions (i.e. les cinq maux)<\/li>\n<li>Le dragon de l\u2019est et le tigre de l\u2019ouest<\/li>\n<li>Commentaires et explications<\/li>\n<\/ul>\n<h3><strong>Enseignant<\/strong>\u00a0:<\/h3>\n<p>Philippe Sionneau est l\u2019un des experts de m\u00e9decine chinoise les plus appr\u00e9ci\u00e9s en Europe. Il est \u00e0 l\u2019origine de l\u2019introduction de tr\u00e8s nombreuses informations jusqu\u2019alors in\u00e9dites dans nos pays et notamment dans le domaine de la pharmacologie chinoise, de l\u2019acupuncture et des pathologies. Il a publi\u00e9 plus d\u2019une trentaine de livres. Plusieurs de ses ouvrages sont utilis\u00e9s dans les universit\u00e9s am\u00e9ricaines, canadiennes et australiennes. Depuis 25 ans, il fait le bonheur de plusieurs g\u00e9n\u00e9rations d\u2019\u00e9tudiants et de praticiens de m\u00e9decine chinoise. Ses cours remportent un grand succ\u00e8s en France. C\u2019est l\u2019un des rares occidentaux \u00e0 avoir suivi un cursus complet en m\u00e9decine chinoise dans une universit\u00e9 en Chine, la Hubei University of Chinese Medicine, dont il est dipl\u00f4m\u00e9. Il s\u2019agit d\u2019un dipl\u00f4me d\u2019\u00e9tat officiel de Chine Populaire. Pour \u00eatre plus exact, il poss\u00e8de un bachelor degree qui donne droit \u00e0 pratiquer la m\u00e9decine chinoise dans n\u2019importe quel h\u00f4pital en Chine. Il est consid\u00e9r\u00e9 l\u00e0-bas comme m\u00e9decin.\u00a0<strong>C\u2019est le premier fran\u00e7ais et un des tr\u00e8s rares \u00e0 avoir obtenu ce titre.<\/strong><\/p>\n<h3><strong>Tarif\u00a0<\/strong>:<\/h3>\n<p>Promo :\u00a0<strong>33<\/strong> euros au lieu de\u00a0<s>43<\/s>\u00a0euros<\/p>\n<h3><strong>Dur\u00e9e totale des vid\u00e9os :<\/strong><\/h3>\n<p>1 heure et 10 minutes<\/p>\n<h3><strong>Accessibilit\u00e9<\/strong>\u00a0:<\/h3>\n<p>illimit\u00e9 sur 1 an (12 mois)<\/p>\n<h3><strong>Comment acheter le cours et y avoir acc\u00e8s\u00a0?<\/strong><\/h3>\n<h3><strong>D\u00e9roulement de l\u2019inscription\u00a0:<\/strong><\/h3>\n<ol>\n<li>Vous devez r\u00e9gler votre formation par carte bancaire, ch\u00e8que ou virement bancaire.<\/li>\n<li>Nous vous enverrons votre acc\u00e8s \u00e0 votre adresse e-mail d\u00e8s que nous aurons re\u00e7u la confirmation du paiement.<\/li>\n<li>D\u00e8s r\u00e9ception de vos acc\u00e8s vous pouvez commencer votre cours.<\/li>\n<li>Le cours se d\u00e9roule sur une plateforme de e-learning d\u00e9di\u00e9e et s\u00e9curis\u00e9e.<\/li>\n<\/ol>\n<h3><strong>Comment r\u00e9gler la formation<\/strong><\/h3>\n<p><strong>Vous pouvez payer cette formation de trois mani\u00e8res :<\/strong><\/p>\n<ul>\n<li>soit par carte bancaire<\/li>\n<li>soit par virement bancaire<\/li>\n<li>soit par ch\u00e8que bancaire<\/li>\n<\/ul>\n<h3>Paiement par carte bancaire :<\/h3>\n<p>1- Ajouter cette formation \u00e0 votre panier (Bouton \u201cAjouter au Panier\u201d).<br \/>\n2- Validez votre commande en cliquant sur le bouton \u201cVoir le panier\u201d ou \u201cValidation de la commande\u00a0\u00bb.<br \/>\n3- S\u00e9lectionner l\u2019option de paiement par carte bancaire apr\u00e8s avoir entr\u00e9 vos informations de contact.<br \/>\n4- Vous serez guid\u00e9 \u00e0 travers un syst\u00e8me de paiement s\u00e9curis\u00e9 et automatique.<br \/>\n5- Vous recevrez un email de confirmation de paiement ainsi que la facture.<br \/>\n6- Vous recevrez \u00e9galement un email o\u00f9 seront notifi\u00e9s vos identifiants et acc\u00e8s \u00e0 la formation.<\/p>\n<p><a class=\"storefront-sticky-add-to-cart__content-button button alt\" href=\"https:\/\/sionneau.com\/boutique\/medecine--chinoise\/les-cinq-esprits-en-medecine-chinoise\/?add-to-cart=42860\">Ajouter au panier<\/a><\/p>\n<h3>Paiement par virement bancaire<\/h3>\n<p>1- Ajouter cette formation \u00e0 votre panier (Bouton \u201cAjouter au Panier\u201d).<br \/>\n2- Validez votre commande en cliquant sur le bouton \u201cVoir le panier\u201d ou \u201cValidation de la commande\u00a0\u00bb.<br \/>\n3- S\u00e9lectionner l\u2019option de paiement par virement bancaire apr\u00e8s avoir entr\u00e9 vos informations de contact.<br \/>\n4- Les instructions de paiement vous seront communiqu\u00e9es au moment de l\u2019achat et par email.<br \/>\n<strong>5- Les frais bancaires sont \u00e0 votre charge.<\/strong><br \/>\n6- Lorsque votre virement bancaire sera re\u00e7u vous recevrez un email de confirmation de paiement ainsi que la facture.<br \/>\n7- D\u00e8s r\u00e9ception du virement, nous vous enverrons vos identifiants et acc\u00e8s \u00e0 la formation par email.<\/p>\n<p><a class=\"storefront-sticky-add-to-cart__content-button button alt\" href=\"https:\/\/sionneau.com\/boutique\/medecine--chinoise\/les-cinq-esprits-en-medecine-chinoise\/?add-to-cart=42860\">Ajouter au panier<\/a><\/p>\n<h3>Paiement par ch\u00e8que bancaire\u00a0<strong><br \/>\n<\/strong><\/h3>\n<p>1- Ajouter cette formation \u00e0 votre panier (Bouton \u201cAjouter au Panier\u201d).<br \/>\n2- Validez votre commande en cliquant sur le bouton \u201cVoir le panier\u201d ou \u201cValidation de la commande\u00a0\u00bb.<br \/>\n3- S\u00e9lectionner l\u2019option de paiement par ch\u00e8que apr\u00e8s avoir entr\u00e9 vos informations de contact.<br \/>\n4- Les instructions de paiement vous seront communiqu\u00e9es au moment de l\u2019achat et par email.<br \/>\n5- Lorsque votre ch\u00e8que sera re\u00e7u vous recevrez un email de confirmation de paiement avec la facture.<br \/>\n6- D\u00e8s encaissement du ch\u00e8que, nous vous enverrons vos identifiants et acc\u00e8s \u00e0 la formation par email.<\/p>\n<p><a class=\"storefront-sticky-add-to-cart__content-button button alt\" href=\"https:\/\/sionneau.com\/boutique\/medecine--chinoise\/les-cinq-esprits-en-medecine-chinoise\/?add-to-cart=42860\">Ajouter au panier<\/a><\/p>\n<h4><strong>Voir aussi les cours en ligne \u00ab Les Majeurs \u00bb :<\/strong><a href=\"https:\/\/sionneau.com\/e-learning\/-en-ligne\" target=\"_blank\" rel=\"noopener\">\u00a0<\/a><a href=\"https:\/\/sionneau.com\/boutique\/medecine-chinoise\/cours-en-ligne\/\">https:\/\/sionneau.com\/boutique\/medecine-chinoise\/cours-en-ligne\/<\/a><\/h4>\n<h4><strong>Un probl\u00e8me technique ? Contactez<\/strong>\u00a0<strong><a href=\"mailto:support@sionneau.com\">support@sionneau.com<\/a><\/strong><\/h4>\n","protected":false},"excerpt":{"rendered":"<p>Cette formation en ligne pr\u00e9sente de mani\u00e8re passionnante les cinq esprits (w\u01d4 sh\u00e9n \u4e94\u795e) selon la tradition m\u00e9dicale chinoise et selon les courants tao\u00efstes. De tr\u00e8s nombreuses informations in\u00e9dites, des traductions originales de textes inconnus en Occident, les enseignements du N\u00e8i J\u012bng (Classique interne) permettent une compr\u00e9hension approfondie de cette notion essentielle. Ce cours, au [&hellip;]<\/p>\n","protected":false},"featured_media":43263,"template":"","meta":[],"product_cat":[54],"product_tag":[],"yoast_head":"<!-- This site is optimized with the Yoast SEO plugin v20.5 - https:\/\/yoast.com\/wordpress\/plugins\/seo\/ -->\n<title>Les cinq esprits en m\u00e9decine chinoise - Boutique de Sionneau.com<\/title>\n<meta name=\"robots\" content=\"index, follow, max-snippet:-1, max-image-preview:large, max-video-preview:-1\" \/>\n<link rel=\"canonical\" href=\"https:\/\/sionneau.com\/boutique\/medecine--chinoise\/les-cinq-esprits-en-medecine-chinoise\/\" \/>\n<meta property=\"og:locale\" content=\"fr_FR\" \/>\n<meta property=\"og:type\" content=\"article\" \/>\n<meta property=\"og:title\" content=\"Les cinq esprits en m\u00e9decine chinoise - Boutique de Sionneau.com\" \/>\n<meta property=\"og:description\" content=\"Cette formation en ligne pr\u00e9sente de mani\u00e8re passionnante les cinq esprits (w\u01d4 sh\u00e9n \u4e94\u795e) selon la tradition m\u00e9dicale chinoise et selon les courants tao\u00efstes. De tr\u00e8s nombreuses informations in\u00e9dites, des traductions originales de textes inconnus en Occident, les enseignements du N\u00e8i J\u012bng (Classique interne) permettent une compr\u00e9hension approfondie de cette notion essentielle. Ce cours, au [&hellip;]\" \/>\n<meta property=\"og:url\" content=\"https:\/\/sionneau.com\/boutique\/medecine--chinoise\/les-cinq-esprits-en-medecine-chinoise\/\" \/>\n<meta property=\"og:site_name\" content=\"Boutique de Sionneau.com\" \/>\n<meta property=\"article:modified_time\" content=\"2024-07-31T14:59:21+00:00\" \/>\n<meta property=\"og:image\" content=\"https:\/\/sionneau.com\/boutique\/wp-content\/uploads\/2024\/07\/cinq-esprits-en-medecine-chinoise.jpg\" \/>\n\t<meta property=\"og:image:width\" content=\"580\" \/>\n\t<meta property=\"og:image:height\" content=\"429\" \/>\n\t<meta property=\"og:image:type\" content=\"image\/jpeg\" \/>\n<meta name=\"twitter:card\" content=\"summary_large_image\" \/>\n<meta name=\"twitter:label1\" content=\"Dur\u00e9e de lecture estim\u00e9e\" \/>\n\t<meta name=\"twitter:data1\" content=\"6 minutes\" \/>\n<script type=\"application\/ld+json\" class=\"yoast-schema-graph\">{\"@context\":\"https:\/\/schema.org\",\"@graph\":[{\"@type\":\"WebPage\",\"@id\":\"https:\/\/sionneau.com\/boutique\/medecine--chinoise\/les-cinq-esprits-en-medecine-chinoise\/\",\"url\":\"https:\/\/sionneau.com\/boutique\/medecine--chinoise\/les-cinq-esprits-en-medecine-chinoise\/\",\"name\":\"Les cinq esprits en m\u00e9decine chinoise - Boutique de Sionneau.com\",\"isPartOf\":{\"@id\":\"https:\/\/sionneau.com\/boutique\/#website\"},\"datePublished\":\"2024-07-11T15:17:56+00:00\",\"dateModified\":\"2024-07-31T14:59:21+00:00\",\"breadcrumb\":{\"@id\":\"https:\/\/sionneau.com\/boutique\/medecine--chinoise\/les-cinq-esprits-en-medecine-chinoise\/#breadcrumb\"},\"inLanguage\":\"fr-FR\",\"potentialAction\":[{\"@type\":\"ReadAction\",\"target\":[\"https:\/\/sionneau.com\/boutique\/medecine--chinoise\/les-cinq-esprits-en-medecine-chinoise\/\"]}]},{\"@type\":\"BreadcrumbList\",\"@id\":\"https:\/\/sionneau.com\/boutique\/medecine--chinoise\/les-cinq-esprits-en-medecine-chinoise\/#breadcrumb\",\"itemListElement\":[{\"@type\":\"ListItem\",\"position\":1,\"name\":\"Accueil\",\"item\":\"https:\/\/sionneau.com\/boutique\/\"},{\"@type\":\"ListItem\",\"position\":2,\"name\":\"Boutique\",\"item\":\"https:\/\/sionneau.com\/boutique\/\"},{\"@type\":\"ListItem\",\"position\":3,\"name\":\"Les cinq esprits en m\u00e9decine chinoise\"}]},{\"@type\":\"WebSite\",\"@id\":\"https:\/\/sionneau.com\/boutique\/#website\",\"url\":\"https:\/\/sionneau.com\/boutique\/\",\"name\":\"Boutique de Sionneau.com\",\"description\":\"Authenticit\u00e9 &amp; professionnalisme\",\"publisher\":{\"@id\":\"https:\/\/sionneau.com\/boutique\/#organization\"},\"potentialAction\":[{\"@type\":\"SearchAction\",\"target\":{\"@type\":\"EntryPoint\",\"urlTemplate\":\"https:\/\/sionneau.com\/boutique\/?s={search_term_string}\"},\"query-input\":\"required name=search_term_string\"}],\"inLanguage\":\"fr-FR\"},{\"@type\":\"Organization\",\"@id\":\"https:\/\/sionneau.com\/boutique\/#organization\",\"name\":\"Philippe Sionneau\",\"url\":\"https:\/\/sionneau.com\/boutique\/\",\"logo\":{\"@type\":\"ImageObject\",\"inLanguage\":\"fr-FR\",\"@id\":\"https:\/\/sionneau.com\/boutique\/#\/schema\/logo\/image\/\",\"url\":\"https:\/\/sionneau.com\/boutique\/wp-content\/uploads\/2019\/03\/Sionneau-logo-1.png\",\"contentUrl\":\"https:\/\/sionneau.com\/boutique\/wp-content\/uploads\/2019\/03\/Sionneau-logo-1.png\",\"width\":600,\"height\":488,\"caption\":\"Philippe Sionneau\"},\"image\":{\"@id\":\"https:\/\/sionneau.com\/boutique\/#\/schema\/logo\/image\/\"}}]}<\/script>\n<!-- \/ Yoast SEO plugin. -->","yoast_head_json":{"title":"Les cinq esprits en m\u00e9decine chinoise - Boutique de Sionneau.com","robots":{"index":"index","follow":"follow","max-snippet":"max-snippet:-1","max-image-preview":"max-image-preview:large","max-video-preview":"max-video-preview:-1"},"canonical":"https:\/\/sionneau.com\/boutique\/medecine--chinoise\/les-cinq-esprits-en-medecine-chinoise\/","og_locale":"fr_FR","og_type":"article","og_title":"Les cinq esprits en m\u00e9decine chinoise - Boutique de Sionneau.com","og_description":"Cette formation en ligne pr\u00e9sente de mani\u00e8re passionnante les cinq esprits (w\u01d4 sh\u00e9n \u4e94\u795e) selon la tradition m\u00e9dicale chinoise et selon les courants tao\u00efstes. De tr\u00e8s nombreuses informations in\u00e9dites, des traductions originales de textes inconnus en Occident, les enseignements du N\u00e8i J\u012bng (Classique interne) permettent une compr\u00e9hension approfondie de cette notion essentielle. Ce cours, au [&hellip;]","og_url":"https:\/\/sionneau.com\/boutique\/medecine--chinoise\/les-cinq-esprits-en-medecine-chinoise\/","og_site_name":"Boutique de Sionneau.com","article_modified_time":"2024-07-31T14:59:21+00:00","og_image":[{"width":580,"height":429,"url":"https:\/\/sionneau.com\/boutique\/wp-content\/uploads\/2024\/07\/cinq-esprits-en-medecine-chinoise.jpg","type":"image\/jpeg"}],"twitter_card":"summary_large_image","twitter_misc":{"Dur\u00e9e de lecture estim\u00e9e":"6 minutes"},"schema":{"@context":"https:\/\/schema.org","@graph":[{"@type":"WebPage","@id":"https:\/\/sionneau.com\/boutique\/medecine--chinoise\/les-cinq-esprits-en-medecine-chinoise\/","url":"https:\/\/sionneau.com\/boutique\/medecine--chinoise\/les-cinq-esprits-en-medecine-chinoise\/","name":"Les cinq esprits en m\u00e9decine chinoise - Boutique de Sionneau.com","isPartOf":{"@id":"https:\/\/sionneau.com\/boutique\/#website"},"datePublished":"2024-07-11T15:17:56+00:00","dateModified":"2024-07-31T14:59:21+00:00","breadcrumb":{"@id":"https:\/\/sionneau.com\/boutique\/medecine--chinoise\/les-cinq-esprits-en-medecine-chinoise\/#breadcrumb"},"inLanguage":"fr-FR","potentialAction":[{"@type":"ReadAction","target":["https:\/\/sionneau.com\/boutique\/medecine--chinoise\/les-cinq-esprits-en-medecine-chinoise\/"]}]},{"@type":"BreadcrumbList","@id":"https:\/\/sionneau.com\/boutique\/medecine--chinoise\/les-cinq-esprits-en-medecine-chinoise\/#breadcrumb","itemListElement":[{"@type":"ListItem","position":1,"name":"Accueil","item":"https:\/\/sionneau.com\/boutique\/"},{"@type":"ListItem","position":2,"name":"Boutique","item":"https:\/\/sionneau.com\/boutique\/"},{"@type":"ListItem","position":3,"name":"Les cinq esprits en m\u00e9decine chinoise"}]},{"@type":"WebSite","@id":"https:\/\/sionneau.com\/boutique\/#website","url":"https:\/\/sionneau.com\/boutique\/","name":"Boutique de Sionneau.com","description":"Authenticit\u00e9 &amp; professionnalisme","publisher":{"@id":"https:\/\/sionneau.com\/boutique\/#organization"},"potentialAction":[{"@type":"SearchAction","target":{"@type":"EntryPoint","urlTemplate":"https:\/\/sionneau.com\/boutique\/?s={search_term_string}"},"query-input":"required name=search_term_string"}],"inLanguage":"fr-FR"},{"@type":"Organization","@id":"https:\/\/sionneau.com\/boutique\/#organization","name":"Philippe Sionneau","url":"https:\/\/sionneau.com\/boutique\/","logo":{"@type":"ImageObject","inLanguage":"fr-FR","@id":"https:\/\/sionneau.com\/boutique\/#\/schema\/logo\/image\/","url":"https:\/\/sionneau.com\/boutique\/wp-content\/uploads\/2019\/03\/Sionneau-logo-1.png","contentUrl":"https:\/\/sionneau.com\/boutique\/wp-content\/uploads\/2019\/03\/Sionneau-logo-1.png","width":600,"height":488,"caption":"Philippe Sionneau"},"image":{"@id":"https:\/\/sionneau.com\/boutique\/#\/schema\/logo\/image\/"}}]}},"_links":{"self":[{"href":"https:\/\/sionneau.com\/boutique\/wp-json\/wp\/v3\/product\/42860"}],"collection":[{"href":"https:\/\/sionneau.com\/boutique\/wp-json\/wp\/v3\/product"}],"about":[{"href":"https:\/\/sionneau.com\/boutique\/wp-json\/wp\/v2\/types\/product"}],"wp:featuredmedia":[{"embeddable":true,"href":"https:\/\/sionneau.com\/boutique\/wp-json\/wp\/v2\/media\/43263"}],"wp:attachment":[{"href":"https:\/\/sionneau.com\/boutique\/wp-json\/wp\/v2\/media?parent=42860"}],"wp:term":[{"taxonomy":"product_cat","embeddable":true,"href":"https:\/\/sionneau.com\/boutique\/wp-json\/wp\/v2\/product_cat?post=42860"},{"taxonomy":"product_tag","embeddable":true,"href":"https:\/\/sionneau.com\/boutique\/wp-json\/wp\/v2\/product_tag?post=42860"}],"curies":[{"name":"wp","href":"https:\/\/api.w.org\/{rel}","templated":true}]}}