{"id":42857,"date":"2024-07-11T17:16:09","date_gmt":"2024-07-11T15:16:09","guid":{"rendered":"https:\/\/sionneau.com\/boutique\/?post_type=product&#038;p=42857"},"modified":"2024-07-31T17:11:11","modified_gmt":"2024-07-31T15:11:11","slug":"le-feu-ministre-et-la-porte-du-destin","status":"publish","type":"product","link":"https:\/\/sionneau.com\/boutique\/medecine--chinoise\/le-feu-ministre-et-la-porte-du-destin\/","title":{"rendered":"Le feu ministre et la porte du destin"},"content":{"rendered":"<p>Les th\u00e9ories du feu ministre (xi\u0101ng hu\u01d2 \u76f8\u706b) sont rarement d\u00e9velopp\u00e9es et de mani\u00e8re toujours incompl\u00e8te en Occident. La porte du destin (m\u00ecng m\u00e9n \u547d\u95e8) est toujours pr\u00e9sent\u00e9e de fa\u00e7on restreinte faisant de cette entit\u00e9 uniquement le royaume du y\u00e1ng. Or, ces deux \u00e9l\u00e9ments sont pourtant essentiels pour une compr\u00e9hension fine de la physiologie humaine et ils \u00e9clairent certains d\u00e9s\u00e9quilibres pathologiques. Il est indispensable d\u2019avoir une ma\u00eetrise de ce que repr\u00e9sentent r\u00e9ellement ces deux ph\u00e9nom\u00e8nes physiologiques.<\/p>\n<p>Cette formation en ligne est une \u00e9tude sans pr\u00e9c\u00e9dent sur ces deux concepts majeurs de la m\u00e9decine chinoise : le feu ministre (xi\u0101ng hu\u01d2 \u76f8\u706b) et la porte du destin (m\u00ecng m\u00e9n \u547d\u95e8). Il s\u2019agit d\u2019une synth\u00e8se unique qui permet d\u2019avoir une connaissance juste et compl\u00e8te de ces notions essentielles. A travers les classiques de la m\u00e9decine chinoise, les textes philosophiques et les trait\u00e9s de l\u2019alchimie tao\u00efste, nous aborderons de mani\u00e8re passionnante et pragmatique le feu ministre et la porte du destin (m\u00ecng m\u00e9n \u547d\u95e8).<\/p>\n<p><span style=\"color: #ff0000;\"><strong>Cette formation en ligne est accompagn\u00e9e d\u2019un support de cours de 300 slides en couleur (150 pages).<\/strong><\/span><\/p>\n<p><strong><span style=\"color: #ff0000;\">Cette formation en ligne b\u00e9n\u00e9ficie d\u2019un forum d\u00e9di\u00e9 o\u00f9 vous pouvez poser vos questions \u00e0 Philippe Sionneau.<\/span><\/strong><\/p>\n<p><strong>Vid\u00e9o 1<\/strong><\/p>\n<ul>\n<li>D\u00e9finition du feu ministre<\/li>\n<li>Lien avec le Y\u00ec J\u012bng (Classique des changements)<\/li>\n<li>Lien avec le feu monarque (c\u0153ur)<\/li>\n<li>Lien avec l\u2019esprit<\/li>\n<\/ul>\n<p><strong>Vid\u00e9o 2<\/strong><\/p>\n<ul>\n<li>Physiologie et fonctions du feu ministre<\/li>\n<li>Transformation du q\u00ec (q\u00ec hu\u00e0 &#8211; \u6c14\u5316)<\/li>\n<li>Relation avec le sh\u01ceo y\u00e1ng \u00a0\u5c11\u9633<\/li>\n<li>Feu ministre et eau<\/li>\n<li>Feu ministre, j\u012bng et le q\u00ec originel (yu\u00e1n q\u00ec \u5143\u6c14)<\/li>\n<li>Feu ministre et la porte du destin (m\u00ecng m\u00e9n \u547d\u95e8)<\/li>\n<\/ul>\n<p><strong>Vid\u00e9o 3<\/strong><\/p>\n<ul>\n<li>Physiologie et fonctions du feu ministre (suite)<\/li>\n<li>Production &amp; transformation (sh\u0113ng hu\u00e0 &#8211; \u751f\u5316)<\/li>\n<li>Influence du feu ministre sur le foyer central<\/li>\n<li>Feu ministre et \u00ab\u00a0q\u00ec de l\u2019estomac\u00a0\u00bb<\/li>\n<li>Feu ministre et j\u012bng subtil (j\u012bng w\u0113i \u7cbe\u5fae)<\/li>\n<\/ul>\n<p><strong>Vid\u00e9o 4<\/strong><\/p>\n<ul>\n<li>Le feu ministre\u00a0: Moteur des d\u00e9sirs selon Zh\u016b D\u0101n X\u012b<\/li>\n<li>Feu ministre et sexualit\u00e9<\/li>\n<li>Feu ministre et d\u00e9sir sexuel<\/li>\n<li>Feu ministre et esprit du d\u00e9sir (y\u00f9 sh\u00e9n \u6b32\u795e)<\/li>\n<li>Feu ministre et d\u00e9sir en g\u00e9n\u00e9ral<\/li>\n<\/ul>\n<p><strong>Vid\u00e9o 5<\/strong><\/p>\n<ul>\n<li>Relations entre feu ministre et organes z\u00e0ng f\u01d4<\/li>\n<li>Feu ministre et reins<\/li>\n<li>Feu ministre et trois foyers<\/li>\n<li>Feu ministre et enveloppe du c\u0153ur<\/li>\n<li>Feu ministre et foie<\/li>\n<li>Feu ministre et vessie<\/li>\n<li>Feu ministre et v\u00e9sicule biliaire<\/li>\n<li>Le feu ministre est le grand tr\u00e9sor de l\u2019\u00eatre humain<\/li>\n<\/ul>\n<p><strong>Vid\u00e9o 6<\/strong><\/p>\n<ul>\n<li>La porte du destin<\/li>\n<li>Vision tao\u00efste de la porte du destin<\/li>\n<li>La nature inn\u00e9e et la force vitale<\/li>\n<\/ul>\n<p><strong>Vid\u00e9o 7<\/strong><\/p>\n<ul>\n<li>La porte du destin (m\u00ecng m\u00e9n \u547d\u95e8)\u00a0: terminologie et concept g\u00e9n\u00e9ral<\/li>\n<li>La porte du destin, feu ministre et j\u012bng<\/li>\n<\/ul>\n<p><strong>Vid\u00e9o 8<\/strong><\/p>\n<ul>\n<li>La porte du destin (m\u00ecng m\u00e9n \u547d\u95e8)\u00a0:<\/li>\n<li>Premier concept : A gauche c\u2019est le rein, \u00e0 droite c\u2019est la porte du destin<\/li>\n<li>La porte du destin selon le N\u00e1n J\u012bng (Classique des difficult\u00e9s)<\/li>\n<li>La porte du destin selon le Hu\u00e1ng D\u00ec N\u00e8i J\u012bng T\u00e0i S\u00f9 (Grande simplicit\u00e9 du classique interne de l\u2019empereur jaune)<\/li>\n<\/ul>\n<p><strong>Vid\u00e9o 9<\/strong><\/p>\n<ul>\n<li>Deuxi\u00e8me concept : La porte du destin, c\u2019est les deux reins<\/li>\n<li>La porte du destin selon le N\u00e1n J\u012bng B\u011bn Y\u00ec (Sens original du classique des difficult\u00e9s)<\/li>\n<li>La porte du destin et le trigramme k\u01cen (\u574e)<\/li>\n<\/ul>\n<p><strong>Vid\u00e9o 10<\/strong><\/p>\n<ul>\n<li>Troisi\u00e8me concept : La porte du destin est situ\u00e9e entre les deux reins<\/li>\n<li>La porte du destin selon le Y\u012b Gu\u00e0n (P\u00e9n\u00e9tration de la m\u00e9decine)<\/li>\n<li>La porte du destin et feu ministre<\/li>\n<li>La porte du destin est un petit c\u0153ur<\/li>\n<\/ul>\n<p><strong>Vid\u00e9o 11<\/strong><\/p>\n<ul>\n<li>Quatri\u00e8me concept : La porte du destin, c\u2019est le q\u00ec s\u2019agitant entre les reins<\/li>\n<li>La porte du destin et le q\u00ec originel (yu\u00e1n q\u00ec \u5143\u6c14)<\/li>\n<li>La porte du destin selon la 8<sup>\u00e8me<\/sup>\u00a0difficult\u00e9 du N\u00e1n J\u012bng (Classique des difficult\u00e9s)<\/li>\n<li>La porte du destin selon le Y\u012b Zh\u01d0 X\u00f9 Y\u00fa (Introduction sur les intentions de la m\u00e9decine)<\/li>\n<\/ul>\n<p><strong>Vid\u00e9o 12<\/strong><\/p>\n<ul>\n<li>Cinqui\u00e8me concept : La porte du destin c\u2019est l\u2019enveloppe du c\u0153ur<\/li>\n<li>Relation entre feu ministre, l\u2019enveloppe du c\u0153ur et la porte du destin<\/li>\n<li>La porte du destin selon le Y\u012b Xu\u00e9 R\u00f9 M\u00e9n (Rudiments de m\u00e9decine)<\/li>\n<li>La porte du destin selon Li\u00fa W\u00e1n S\u00f9<\/li>\n<\/ul>\n<p><strong>Vid\u00e9o 13<\/strong><\/p>\n<ul>\n<li>Sixi\u00e8me concept : La porte du destin est un point d\u2019acupuncture<\/li>\n<li>D\u016b m\u00e0i (\u7763\u8109)<\/li>\n<li>Le point DM 4 (m\u00ecng m\u00e9n \u547d\u95e8)<\/li>\n<li>DM 4 (m\u00ecng m\u00e9n \u547d\u95e8) r\u00e9gularisation de l\u2019eau et du feu de la porte du destin<\/li>\n<li>Applications concr\u00e8tes<\/li>\n<\/ul>\n<p><strong>Vid\u00e9o 14<\/strong><\/p>\n<ul>\n<li>Septi\u00e8me concept : La porte du destin c\u2019est l\u2019\u0153il<\/li>\n<li>Selon le Hu\u00e1ng D\u00ec N\u00e8i J\u012bng L\u00edng Sh\u016b<\/li>\n<li>Explications de W\u00e1ng B\u012bng (dynastie Tang)<\/li>\n<li>Explications de M\u01ce Sh\u00ed (dynastie Ming)<\/li>\n<\/ul>\n<p><strong>Vid\u00e9o 15<\/strong><\/p>\n<ul>\n<li>Les fonctions de la porte de la vie (partie 1)<\/li>\n<li>La porte du destin : palais de l\u2019eau et du feu<\/li>\n<li>La porte du destin : r\u00e9sidence du y\u012bn et du y\u00e1ng v\u00e9ritables<\/li>\n<li>Le ciel\/Un (ti\u0101n y\u012b \u00a0\u5929\u4e00)<\/li>\n<\/ul>\n<p><strong>Vid\u00e9o 16<\/strong><\/p>\n<ul>\n<li>Les fonctions de la porte de la vie (partie 2)<\/li>\n<li>Pourquoi le concept de feu ministre n\u2019est-il pas toujours utilis\u00e9s dans les textes anciens\u00a0?<\/li>\n<li>Liens entre la porte du destin et\u00a0:<\/li>\n<li>Y\u012bn shu\u01d0 (\u9670\u6c34), l\u2019eau y\u012bn<\/li>\n<li>Y\u00e1ng shu\u01d0 (\u967d\u6c34), l\u2019eau y\u00e1ng<\/li>\n<li>Zh\u0113n shu\u01d0 (\u771f\u6c34) l\u2019eau v\u00e9ritable<\/li>\n<li>Xi\u0101ng hu\u01d2 (\u76f8\u706b), le feu ministre<\/li>\n<li>Selon le D\u00e0o Y\u01ceng Qu\u00e1n Sh\u016b<\/li>\n<\/ul>\n<p><strong>Vid\u00e9o 17<\/strong><\/p>\n<ul>\n<li>Les fonctions de la porte de la vie (partie 3)<\/li>\n<li>La porte du destin est le fondement du dynamisme vital<\/li>\n<li>La porte du destin est une lanterne anim\u00e9e (z\u01d2u m\u01ce d\u0113ng &#8211; \u8d70\u9a6c\u706f)<\/li>\n<li>La porte du destin selon Zh\u00e0o Xi\u00e0n K\u011b, Zh\u0101ng Yu\u00e1n S\u00f9, L\u01d0 Sh\u00ed Zh\u0113n, N\u00e1n J\u012bng (Classique des difficult\u00e9s)<\/li>\n<li>R\u00e9sum\u00e9 des fonctions de la porte du destin<\/li>\n<\/ul>\n<h3><strong>Enseignant<\/strong>\u00a0:<\/h3>\n<p>Philippe Sionneau est l\u2019un des experts de m\u00e9decine chinoise les plus appr\u00e9ci\u00e9s en Europe. Il est \u00e0 l\u2019origine de l\u2019introduction de tr\u00e8s nombreuses informations jusqu\u2019alors in\u00e9dites dans nos pays et notamment dans le domaine de la pharmacologie chinoise, de l\u2019acupuncture et des pathologies. Il a publi\u00e9 plus d\u2019une trentaine de livres. Plusieurs de ses ouvrages sont utilis\u00e9s dans les universit\u00e9s am\u00e9ricaines, canadiennes et australiennes. Depuis 25 ans, il fait le bonheur de plusieurs g\u00e9n\u00e9rations d\u2019\u00e9tudiants et de praticiens de m\u00e9decine chinoise. Ses cours remportent un grand succ\u00e8s en France. C\u2019est l\u2019un des rares occidentaux \u00e0 avoir suivi un cursus complet en m\u00e9decine chinoise dans une universit\u00e9 en Chine, la Hubei University of Chinese Medicine, dont il est dipl\u00f4m\u00e9. Il s\u2019agit d\u2019un dipl\u00f4me d\u2019\u00e9tat officiel de Chine Populaire. Pour \u00eatre plus exact, il poss\u00e8de un bachelor degree qui donne droit \u00e0 pratiquer la m\u00e9decine chinoise dans n\u2019importe quel h\u00f4pital en Chine. Il est consid\u00e9r\u00e9 l\u00e0-bas comme m\u00e9decin.\u00a0<strong>C\u2019est le premier fran\u00e7ais et un des tr\u00e8s rares \u00e0 avoir obtenu ce titre.<\/strong><\/p>\n<h3><strong>Tarif\u00a0<\/strong>:<\/h3>\n<p>Promo :\u00a0<strong>36<\/strong> euros au lieu de\u00a0<s>45<\/s> euros<\/p>\n<h3><strong>Dur\u00e9e totale des vid\u00e9os :<\/strong><\/h3>\n<p>1 heure et 35 minutes<\/p>\n<h3><strong>Accessibilit\u00e9<\/strong>\u00a0:<\/h3>\n<p>illimit\u00e9 sur 1 an (12 mois)<\/p>\n<h3><strong>Comment acheter le cours et y avoir acc\u00e8s\u00a0?<\/strong><\/h3>\n<h3><strong>D\u00e9roulement de l\u2019inscription\u00a0:<\/strong><\/h3>\n<ol>\n<li>Vous devez r\u00e9gler votre formation par carte bancaire, ch\u00e8que ou virement bancaire.<\/li>\n<li>Nous vous enverrons votre acc\u00e8s \u00e0 votre adresse e-mail d\u00e8s que nous aurons re\u00e7u la confirmation du paiement.<\/li>\n<li>D\u00e8s r\u00e9ception de vos acc\u00e8s vous pouvez commencer votre cours.<\/li>\n<li>Le cours se d\u00e9roule sur une plateforme de e-learning d\u00e9di\u00e9e et s\u00e9curis\u00e9e.<\/li>\n<\/ol>\n<h3><strong>Comment r\u00e9gler la formation<\/strong><\/h3>\n<p><strong>Vous pouvez payer cette formation de trois mani\u00e8res :<\/strong><\/p>\n<ul>\n<li>soit par carte bancaire<\/li>\n<li>soit par virement bancaire<\/li>\n<li>soit par ch\u00e8que bancaire<\/li>\n<\/ul>\n<h3>Paiement par carte bancaire :<\/h3>\n<p>1- Ajouter cette formation \u00e0 votre panier (Bouton \u201cAjouter au Panier\u201d).<br \/>\n2- Validez votre commande en cliquant sur le bouton \u201cVoir le panier\u201d ou \u201cValidation de la commande\u00a0\u00bb.<br \/>\n3- S\u00e9lectionner l\u2019option de paiement par carte bancaire apr\u00e8s avoir entr\u00e9 vos informations de contact.<br \/>\n4- Vous serez guid\u00e9 \u00e0 travers un syst\u00e8me de paiement s\u00e9curis\u00e9 et automatique.<br \/>\n5- Vous recevrez un email de confirmation de paiement ainsi que la facture.<br \/>\n6- Vous recevrez \u00e9galement un email o\u00f9 seront notifi\u00e9s vos identifiants et acc\u00e8s \u00e0 la formation.<\/p>\n<p><a class=\"storefront-sticky-add-to-cart__content-button button alt\" href=\"https:\/\/sionneau.com\/boutique\/medecine--chinoise\/le-feu-ministre-et-la-porte-du-destin\/?add-to-cart=42857\">Ajouter au panier<\/a><\/p>\n<h3>Paiement par virement bancaire<\/h3>\n<p>1- Ajouter cette formation \u00e0 votre panier (Bouton \u201cAjouter au Panier\u201d).<br \/>\n2- Validez votre commande en cliquant sur le bouton \u201cVoir le panier\u201d ou \u201cValidation de la commande\u00a0\u00bb.<br \/>\n3- S\u00e9lectionner l\u2019option de paiement par virement bancaire apr\u00e8s avoir entr\u00e9 vos informations de contact.<br \/>\n4- Les instructions de paiement vous seront communiqu\u00e9es au moment de l\u2019achat et par email.<br \/>\n<strong>5- Les frais bancaires sont \u00e0 votre charge.<\/strong><br \/>\n6- Lorsque votre virement bancaire sera re\u00e7u vous recevrez un email de confirmation de paiement ainsi que la facture.<br \/>\n7- D\u00e8s r\u00e9ception du virement, nous vous enverrons vos identifiants et acc\u00e8s \u00e0 la formation par email.<\/p>\n<p><a class=\"storefront-sticky-add-to-cart__content-button button alt\" href=\"https:\/\/sionneau.com\/boutique\/medecine--chinoise\/le-feu-ministre-et-la-porte-du-destin\/?add-to-cart=42857\">Ajouter au panier<\/a><\/p>\n<h3>Paiement par ch\u00e8que bancaire\u00a0<strong><br \/>\n<\/strong><\/h3>\n<p>1- Ajouter cette formation \u00e0 votre panier (Bouton \u201cAjouter au Panier\u201d).<br \/>\n2- Validez votre commande en cliquant sur le bouton \u201cVoir le panier\u201d ou \u201cValidation de la commande\u00a0\u00bb.<br \/>\n3- S\u00e9lectionner l\u2019option de paiement par ch\u00e8que apr\u00e8s avoir entr\u00e9 vos informations de contact.<br \/>\n4- Les instructions de paiement vous seront communiqu\u00e9es au moment de l\u2019achat et par email.<br \/>\n5- Lorsque votre ch\u00e8que sera re\u00e7u vous recevrez un email de confirmation de paiement avec la facture.<br \/>\n6- D\u00e8s encaissement du ch\u00e8que, nous vous enverrons vos identifiants et acc\u00e8s \u00e0 la formation par email.<\/p>\n<p><a class=\"storefront-sticky-add-to-cart__content-button button alt\" href=\"https:\/\/sionneau.com\/boutique\/medecine--chinoise\/le-feu-ministre-et-la-porte-du-destin\/?add-to-cart=42857\">Ajouter au panier<\/a><\/p>\n<h4><strong>Voir aussi les cours en ligne \u00ab Les Majeurs \u00bb :<\/strong><a href=\"https:\/\/sionneau.com\/e-learning\/-en-ligne\" target=\"_blank\" rel=\"noopener\">\u00a0<\/a><a href=\"https:\/\/sionneau.com\/boutique\/medecine-chinoise\/cours-en-ligne\/\">https:\/\/sionneau.com\/boutique\/medecine-chinoise\/cours-en-ligne\/<\/a><\/h4>\n<h4><strong>Un probl\u00e8me technique ? Contactez<\/strong>\u00a0<strong><a href=\"mailto:support@sionneau.com\">support@sionneau.com<\/a><\/strong><\/h4>\n<p>&nbsp;<\/p>\n","protected":false},"excerpt":{"rendered":"<p>Les th\u00e9ories du feu ministre (xi\u0101ng hu\u01d2 \u76f8\u706b) sont rarement d\u00e9velopp\u00e9es et de mani\u00e8re toujours incompl\u00e8te en Occident. La porte du destin (m\u00ecng m\u00e9n \u547d\u95e8) est toujours pr\u00e9sent\u00e9e de fa\u00e7on restreinte faisant de cette entit\u00e9 uniquement le royaume du y\u00e1ng. Or, ces deux \u00e9l\u00e9ments sont pourtant essentiels pour une compr\u00e9hension fine de la physiologie humaine [&hellip;]<\/p>\n","protected":false},"featured_media":42858,"template":"","meta":[],"product_cat":[54],"product_tag":[],"yoast_head":"<!-- This site is optimized with the Yoast SEO plugin v20.5 - https:\/\/yoast.com\/wordpress\/plugins\/seo\/ -->\n<title>Le feu ministre et la porte du destin - Boutique de Sionneau.com<\/title>\n<meta name=\"robots\" content=\"index, follow, max-snippet:-1, max-image-preview:large, max-video-preview:-1\" \/>\n<link rel=\"canonical\" href=\"https:\/\/sionneau.com\/boutique\/medecine--chinoise\/le-feu-ministre-et-la-porte-du-destin\/\" \/>\n<meta property=\"og:locale\" content=\"fr_FR\" \/>\n<meta property=\"og:type\" content=\"article\" \/>\n<meta property=\"og:title\" content=\"Le feu ministre et la porte du destin - Boutique de Sionneau.com\" \/>\n<meta property=\"og:description\" content=\"Les th\u00e9ories du feu ministre (xi\u0101ng hu\u01d2 \u76f8\u706b) sont rarement d\u00e9velopp\u00e9es et de mani\u00e8re toujours incompl\u00e8te en Occident. La porte du destin (m\u00ecng m\u00e9n \u547d\u95e8) est toujours pr\u00e9sent\u00e9e de fa\u00e7on restreinte faisant de cette entit\u00e9 uniquement le royaume du y\u00e1ng. Or, ces deux \u00e9l\u00e9ments sont pourtant essentiels pour une compr\u00e9hension fine de la physiologie humaine [&hellip;]\" \/>\n<meta property=\"og:url\" content=\"https:\/\/sionneau.com\/boutique\/medecine--chinoise\/le-feu-ministre-et-la-porte-du-destin\/\" \/>\n<meta property=\"og:site_name\" content=\"Boutique de Sionneau.com\" \/>\n<meta property=\"article:modified_time\" content=\"2024-07-31T15:11:11+00:00\" \/>\n<meta property=\"og:image\" content=\"https:\/\/sionneau.com\/boutique\/wp-content\/uploads\/2024\/07\/eau_feu_philippe_sionneau_2__medium.jpg\" \/>\n\t<meta property=\"og:image:width\" content=\"450\" \/>\n\t<meta property=\"og:image:height\" content=\"300\" \/>\n\t<meta property=\"og:image:type\" content=\"image\/jpeg\" \/>\n<meta name=\"twitter:card\" content=\"summary_large_image\" \/>\n<meta name=\"twitter:label1\" content=\"Dur\u00e9e de lecture estim\u00e9e\" \/>\n\t<meta name=\"twitter:data1\" content=\"8 minutes\" \/>\n<script type=\"application\/ld+json\" class=\"yoast-schema-graph\">{\"@context\":\"https:\/\/schema.org\",\"@graph\":[{\"@type\":\"WebPage\",\"@id\":\"https:\/\/sionneau.com\/boutique\/medecine--chinoise\/le-feu-ministre-et-la-porte-du-destin\/\",\"url\":\"https:\/\/sionneau.com\/boutique\/medecine--chinoise\/le-feu-ministre-et-la-porte-du-destin\/\",\"name\":\"Le feu ministre et la porte du destin - Boutique de Sionneau.com\",\"isPartOf\":{\"@id\":\"https:\/\/sionneau.com\/boutique\/#website\"},\"datePublished\":\"2024-07-11T15:16:09+00:00\",\"dateModified\":\"2024-07-31T15:11:11+00:00\",\"breadcrumb\":{\"@id\":\"https:\/\/sionneau.com\/boutique\/medecine--chinoise\/le-feu-ministre-et-la-porte-du-destin\/#breadcrumb\"},\"inLanguage\":\"fr-FR\",\"potentialAction\":[{\"@type\":\"ReadAction\",\"target\":[\"https:\/\/sionneau.com\/boutique\/medecine--chinoise\/le-feu-ministre-et-la-porte-du-destin\/\"]}]},{\"@type\":\"BreadcrumbList\",\"@id\":\"https:\/\/sionneau.com\/boutique\/medecine--chinoise\/le-feu-ministre-et-la-porte-du-destin\/#breadcrumb\",\"itemListElement\":[{\"@type\":\"ListItem\",\"position\":1,\"name\":\"Accueil\",\"item\":\"https:\/\/sionneau.com\/boutique\/\"},{\"@type\":\"ListItem\",\"position\":2,\"name\":\"Boutique\",\"item\":\"https:\/\/sionneau.com\/boutique\/\"},{\"@type\":\"ListItem\",\"position\":3,\"name\":\"Le feu ministre et la porte du destin\"}]},{\"@type\":\"WebSite\",\"@id\":\"https:\/\/sionneau.com\/boutique\/#website\",\"url\":\"https:\/\/sionneau.com\/boutique\/\",\"name\":\"Boutique de Sionneau.com\",\"description\":\"Authenticit\u00e9 &amp; professionnalisme\",\"publisher\":{\"@id\":\"https:\/\/sionneau.com\/boutique\/#organization\"},\"potentialAction\":[{\"@type\":\"SearchAction\",\"target\":{\"@type\":\"EntryPoint\",\"urlTemplate\":\"https:\/\/sionneau.com\/boutique\/?s={search_term_string}\"},\"query-input\":\"required name=search_term_string\"}],\"inLanguage\":\"fr-FR\"},{\"@type\":\"Organization\",\"@id\":\"https:\/\/sionneau.com\/boutique\/#organization\",\"name\":\"Philippe Sionneau\",\"url\":\"https:\/\/sionneau.com\/boutique\/\",\"logo\":{\"@type\":\"ImageObject\",\"inLanguage\":\"fr-FR\",\"@id\":\"https:\/\/sionneau.com\/boutique\/#\/schema\/logo\/image\/\",\"url\":\"https:\/\/sionneau.com\/boutique\/wp-content\/uploads\/2019\/03\/Sionneau-logo-1.png\",\"contentUrl\":\"https:\/\/sionneau.com\/boutique\/wp-content\/uploads\/2019\/03\/Sionneau-logo-1.png\",\"width\":600,\"height\":488,\"caption\":\"Philippe Sionneau\"},\"image\":{\"@id\":\"https:\/\/sionneau.com\/boutique\/#\/schema\/logo\/image\/\"}}]}<\/script>\n<!-- \/ Yoast SEO plugin. -->","yoast_head_json":{"title":"Le feu ministre et la porte du destin - Boutique de Sionneau.com","robots":{"index":"index","follow":"follow","max-snippet":"max-snippet:-1","max-image-preview":"max-image-preview:large","max-video-preview":"max-video-preview:-1"},"canonical":"https:\/\/sionneau.com\/boutique\/medecine--chinoise\/le-feu-ministre-et-la-porte-du-destin\/","og_locale":"fr_FR","og_type":"article","og_title":"Le feu ministre et la porte du destin - Boutique de Sionneau.com","og_description":"Les th\u00e9ories du feu ministre (xi\u0101ng hu\u01d2 \u76f8\u706b) sont rarement d\u00e9velopp\u00e9es et de mani\u00e8re toujours incompl\u00e8te en Occident. La porte du destin (m\u00ecng m\u00e9n \u547d\u95e8) est toujours pr\u00e9sent\u00e9e de fa\u00e7on restreinte faisant de cette entit\u00e9 uniquement le royaume du y\u00e1ng. Or, ces deux \u00e9l\u00e9ments sont pourtant essentiels pour une compr\u00e9hension fine de la physiologie humaine [&hellip;]","og_url":"https:\/\/sionneau.com\/boutique\/medecine--chinoise\/le-feu-ministre-et-la-porte-du-destin\/","og_site_name":"Boutique de Sionneau.com","article_modified_time":"2024-07-31T15:11:11+00:00","og_image":[{"width":450,"height":300,"url":"https:\/\/sionneau.com\/boutique\/wp-content\/uploads\/2024\/07\/eau_feu_philippe_sionneau_2__medium.jpg","type":"image\/jpeg"}],"twitter_card":"summary_large_image","twitter_misc":{"Dur\u00e9e de lecture estim\u00e9e":"8 minutes"},"schema":{"@context":"https:\/\/schema.org","@graph":[{"@type":"WebPage","@id":"https:\/\/sionneau.com\/boutique\/medecine--chinoise\/le-feu-ministre-et-la-porte-du-destin\/","url":"https:\/\/sionneau.com\/boutique\/medecine--chinoise\/le-feu-ministre-et-la-porte-du-destin\/","name":"Le feu ministre et la porte du destin - Boutique de Sionneau.com","isPartOf":{"@id":"https:\/\/sionneau.com\/boutique\/#website"},"datePublished":"2024-07-11T15:16:09+00:00","dateModified":"2024-07-31T15:11:11+00:00","breadcrumb":{"@id":"https:\/\/sionneau.com\/boutique\/medecine--chinoise\/le-feu-ministre-et-la-porte-du-destin\/#breadcrumb"},"inLanguage":"fr-FR","potentialAction":[{"@type":"ReadAction","target":["https:\/\/sionneau.com\/boutique\/medecine--chinoise\/le-feu-ministre-et-la-porte-du-destin\/"]}]},{"@type":"BreadcrumbList","@id":"https:\/\/sionneau.com\/boutique\/medecine--chinoise\/le-feu-ministre-et-la-porte-du-destin\/#breadcrumb","itemListElement":[{"@type":"ListItem","position":1,"name":"Accueil","item":"https:\/\/sionneau.com\/boutique\/"},{"@type":"ListItem","position":2,"name":"Boutique","item":"https:\/\/sionneau.com\/boutique\/"},{"@type":"ListItem","position":3,"name":"Le feu ministre et la porte du destin"}]},{"@type":"WebSite","@id":"https:\/\/sionneau.com\/boutique\/#website","url":"https:\/\/sionneau.com\/boutique\/","name":"Boutique de Sionneau.com","description":"Authenticit\u00e9 &amp; professionnalisme","publisher":{"@id":"https:\/\/sionneau.com\/boutique\/#organization"},"potentialAction":[{"@type":"SearchAction","target":{"@type":"EntryPoint","urlTemplate":"https:\/\/sionneau.com\/boutique\/?s={search_term_string}"},"query-input":"required name=search_term_string"}],"inLanguage":"fr-FR"},{"@type":"Organization","@id":"https:\/\/sionneau.com\/boutique\/#organization","name":"Philippe Sionneau","url":"https:\/\/sionneau.com\/boutique\/","logo":{"@type":"ImageObject","inLanguage":"fr-FR","@id":"https:\/\/sionneau.com\/boutique\/#\/schema\/logo\/image\/","url":"https:\/\/sionneau.com\/boutique\/wp-content\/uploads\/2019\/03\/Sionneau-logo-1.png","contentUrl":"https:\/\/sionneau.com\/boutique\/wp-content\/uploads\/2019\/03\/Sionneau-logo-1.png","width":600,"height":488,"caption":"Philippe Sionneau"},"image":{"@id":"https:\/\/sionneau.com\/boutique\/#\/schema\/logo\/image\/"}}]}},"_links":{"self":[{"href":"https:\/\/sionneau.com\/boutique\/wp-json\/wp\/v3\/product\/42857"}],"collection":[{"href":"https:\/\/sionneau.com\/boutique\/wp-json\/wp\/v3\/product"}],"about":[{"href":"https:\/\/sionneau.com\/boutique\/wp-json\/wp\/v2\/types\/product"}],"wp:featuredmedia":[{"embeddable":true,"href":"https:\/\/sionneau.com\/boutique\/wp-json\/wp\/v2\/media\/42858"}],"wp:attachment":[{"href":"https:\/\/sionneau.com\/boutique\/wp-json\/wp\/v2\/media?parent=42857"}],"wp:term":[{"taxonomy":"product_cat","embeddable":true,"href":"https:\/\/sionneau.com\/boutique\/wp-json\/wp\/v2\/product_cat?post=42857"},{"taxonomy":"product_tag","embeddable":true,"href":"https:\/\/sionneau.com\/boutique\/wp-json\/wp\/v2\/product_tag?post=42857"}],"curies":[{"name":"wp","href":"https:\/\/api.w.org\/{rel}","templated":true}]}}